{"id":2240,"date":"2021-03-17T12:41:57","date_gmt":"2021-03-17T12:41:57","guid":{"rendered":"http:\/\/sdk.edu.pl\/?page_id=2240"},"modified":"2026-02-19T12:50:50","modified_gmt":"2026-02-19T12:50:50","slug":"zarzadzanie-oswiata","status":"publish","type":"page","link":"https:\/\/sdk.edu.pl\/index.php\/zarzadzanie-oswiata\/","title":{"rendered":"Zarz\u0105dzanie o\u015bwiat\u0105"},"content":{"rendered":"\t\t<div data-elementor-type=\"wp-post\" data-elementor-id=\"2240\" class=\"elementor elementor-2240\">\n\t\t\t\t\t\t\t\t\t<section class=\"elementor-section elementor-top-section elementor-element elementor-element-247ac1f elementor-section-boxed elementor-section-height-default elementor-section-height-default\" data-id=\"247ac1f\" data-element_type=\"section\">\n\t\t\t\t\t\t<div class=\"elementor-container elementor-column-gap-default\">\n\t\t\t\t\t<div class=\"elementor-column elementor-col-100 elementor-top-column elementor-element elementor-element-384d5e4\" data-id=\"384d5e4\" data-element_type=\"column\">\n\t\t\t<div class=\"elementor-widget-wrap elementor-element-populated\">\n\t\t\t\t\t\t\t\t<section class=\"elementor-section elementor-inner-section elementor-element elementor-element-f264130 elementor-section-full_width elementor-section-content-top elementor-section-height-default elementor-section-height-default\" data-id=\"f264130\" data-element_type=\"section\">\n\t\t\t\t\t\t<div class=\"elementor-container elementor-column-gap-no\">\n\t\t\t\t\t<div class=\"elementor-column elementor-col-50 elementor-inner-column elementor-element elementor-element-c09dc10\" data-id=\"c09dc10\" data-element_type=\"column\">\n\t\t\t<div class=\"elementor-widget-wrap elementor-element-populated\">\n\t\t\t\t\t\t\t\t<div class=\"elementor-element elementor-element-c6d40d8 elementor-widget elementor-widget-heading\" data-id=\"c6d40d8\" data-element_type=\"widget\" data-widget_type=\"heading.default\">\n\t\t\t\t<div class=\"elementor-widget-container\">\n\t\t\t<h2 class=\"elementor-heading-title elementor-size-default\">Zarz\u0105dzanie o\u015bwiat\u0105 - Menad\u017cer o\u015bwiaty<\/h2>\t\t<\/div>\n\t\t\t\t<\/div>\n\t\t\t\t<div class=\"elementor-element elementor-element-97dfed3 elementor-widget elementor-widget-heading\" data-id=\"97dfed3\" data-element_type=\"widget\" data-widget_type=\"heading.default\">\n\t\t\t\t<div class=\"elementor-widget-container\">\n\t\t\t<h5 class=\"elementor-heading-title elementor-size-default\">Adresaci:<\/h5>\t\t<\/div>\n\t\t\t\t<\/div>\n\t\t\t\t\t<\/div>\n\t\t<\/div>\n\t\t\t\t<div class=\"elementor-column elementor-col-50 elementor-inner-column elementor-element elementor-element-673582c\" data-id=\"673582c\" data-element_type=\"column\">\n\t\t\t<div class=\"elementor-widget-wrap elementor-element-populated\">\n\t\t\t\t\t\t\t\t<div class=\"elementor-element elementor-element-a939780 elementor-widget elementor-widget-text-editor\" data-id=\"a939780\" data-element_type=\"widget\" data-widget_type=\"text-editor.default\">\n\t\t\t\t<div class=\"elementor-widget-container\">\n\t\t\t\t\t\t\t<p>2 000 z\u0142<\/p><h3>\u00a0<\/h3>\t\t\t\t\t\t<\/div>\n\t\t\t\t<\/div>\n\t\t\t\t\t<\/div>\n\t\t<\/div>\n\t\t\t\t\t\t\t<\/div>\n\t\t<\/section>\n\t\t\t\t<div class=\"elementor-element elementor-element-3d55aa1 elementor-widget elementor-widget-text-editor\" data-id=\"3d55aa1\" data-element_type=\"widget\" data-widget_type=\"text-editor.default\">\n\t\t\t\t<div class=\"elementor-widget-container\">\n\t\t\t\t\t\t\t<div align=\"justify\">\n<p>Studia adresujemy do os\u00f3b zajmuj\u0105cych si\u0119 problematyk\u0105 o\u015bwiatow\u0105 w jednostkach samorz\u0105du terytorialnego, dyrektor\u00f3w plac\u00f3wek o\u015bwiatowych i szk\u00f3\u0142 oraz os\u00f3b, kt\u00f3re aspiruj\u0105 do piastowania stanowisk kierowniczych w o\u015bwiacie.<\/p>\n<\/div>\n<p><b>Cele:<\/b><\/p>\n<div align=\"justify\">Przygotowanie absolwent\u00f3w kierunku do podejmowania czynno\u015bci zawodowych na stanowiskach kierowniczych w plac\u00f3wkach o\u015bwiatowych. Uko\u0144czenie studi\u00f3w nadaje kwalifikacje w zakresie zarz\u0105dzania o\u015bwiat\u0105 we wszystkich typach szk\u00f3\u0142 i innych plac\u00f3wkach opieku\u0144czo-wychowawczych, czy organach nadzoruj\u0105cych dzia\u0142alno\u015b\u0107 o\u015bwiatow\u0105.<\/div>\n<div align=\"justify\">&nbsp;<\/div>\n<p><b>Czas trwania: <\/b>dwa semestry<\/p>\n<p><b>Koszt studi\u00f3w:<\/b> 2 000 z\u0142 (1 000,00 z\u0142 za semestr) &#8211; p\u0142atne w miesi\u0119cznych ratach + 100,00 z\u0142 op\u0142ata wpisowa<\/p>\n<p><strong>Rozpocz\u0119cie zaj\u0119\u0107:<\/strong>&nbsp;pa\u017adziernik 2024 r.<\/p>\t\t\t\t\t\t<\/div>\n\t\t\t\t<\/div>\n\t\t\t\t<div class=\"elementor-element elementor-element-ba2ece1 elementor-align-left elementor-widget elementor-widget-button\" data-id=\"ba2ece1\" data-element_type=\"widget\" data-widget_type=\"button.default\">\n\t\t\t\t<div class=\"elementor-widget-container\">\n\t\t\t\t\t<div class=\"elementor-button-wrapper\">\n\t\t\t<a class=\"elementor-button elementor-button-link elementor-size-sm\" href=\"https:\/\/sdk.edu.pl\/index.php\/zapisz-sie-na-studia\/\">\n\t\t\t\t\t\t<span class=\"elementor-button-content-wrapper\">\n\t\t\t\t\t\t<span class=\"elementor-button-text\">ZAPISZ SIE NA STUDIA<\/span>\n\t\t<\/span>\n\t\t\t\t\t<\/a>\n\t\t<\/div>\n\t\t\t\t<\/div>\n\t\t\t\t<\/div>\n\t\t\t\t\t<\/div>\n\t\t<\/div>\n\t\t\t\t\t\t\t<\/div>\n\t\t<\/section>\n\t\t\t\t\t\t\t<\/div>\n\t\t","protected":false},"excerpt":{"rendered":"<p>Zarz\u0105dzanie o\u015bwiat\u0105 &#8211; Menad\u017cer o\u015bwiaty Adresaci: 2 000 z\u0142 \u00a0 Studia adresujemy do os\u00f3b zajmuj\u0105cych si\u0119 problematyk\u0105 o\u015bwiatow\u0105 w jednostkach samorz\u0105du terytorialnego, dyrektor\u00f3w plac\u00f3wek o\u015bwiatowych i szk\u00f3\u0142 oraz os\u00f3b, kt\u00f3re aspiruj\u0105 do piastowania stanowisk kierowniczych w o\u015bwiacie. Cele: Przygotowanie absolwent\u00f3w kierunku do podejmowania czynno\u015bci zawodowych na stanowiskach kierowniczych w plac\u00f3wkach o\u015bwiatowych. Uko\u0144czenie studi\u00f3w nadaje kwalifikacje [&hellip;]<\/p>\n","protected":false},"author":1,"featured_media":0,"parent":0,"menu_order":0,"comment_status":"closed","ping_status":"closed","template":"elementor_header_footer","meta":[],"_links":{"self":[{"href":"https:\/\/sdk.edu.pl\/index.php\/wp-json\/wp\/v2\/pages\/2240"}],"collection":[{"href":"https:\/\/sdk.edu.pl\/index.php\/wp-json\/wp\/v2\/pages"}],"about":[{"href":"https:\/\/sdk.edu.pl\/index.php\/wp-json\/wp\/v2\/types\/page"}],"author":[{"embeddable":true,"href":"https:\/\/sdk.edu.pl\/index.php\/wp-json\/wp\/v2\/users\/1"}],"replies":[{"embeddable":true,"href":"https:\/\/sdk.edu.pl\/index.php\/wp-json\/wp\/v2\/comments?post=2240"}],"version-history":[{"count":32,"href":"https:\/\/sdk.edu.pl\/index.php\/wp-json\/wp\/v2\/pages\/2240\/revisions"}],"predecessor-version":[{"id":3027,"href":"https:\/\/sdk.edu.pl\/index.php\/wp-json\/wp\/v2\/pages\/2240\/revisions\/3027"}],"wp:attachment":[{"href":"https:\/\/sdk.edu.pl\/index.php\/wp-json\/wp\/v2\/media?parent=2240"}],"curies":[{"name":"wp","href":"https:\/\/api.w.org\/{rel}","templated":true}]}}