{"id":2209,"date":"2021-03-17T12:35:32","date_gmt":"2021-03-17T12:35:32","guid":{"rendered":"http:\/\/sdk.edu.pl\/?page_id=2209"},"modified":"2026-02-19T12:53:31","modified_gmt":"2026-02-19T12:53:31","slug":"przygotowanie-pedagogiczne","status":"publish","type":"page","link":"https:\/\/sdk.edu.pl\/index.php\/przygotowanie-pedagogiczne\/","title":{"rendered":"Przygotowanie pedagogiczne"},"content":{"rendered":"\t\t<div data-elementor-type=\"wp-post\" data-elementor-id=\"2209\" class=\"elementor elementor-2209\">\n\t\t\t\t\t\t\t\t\t<section class=\"elementor-section elementor-top-section elementor-element elementor-element-247ac1f elementor-section-boxed elementor-section-height-default elementor-section-height-default\" data-id=\"247ac1f\" data-element_type=\"section\">\n\t\t\t\t\t\t<div class=\"elementor-container elementor-column-gap-default\">\n\t\t\t\t\t<div class=\"elementor-column elementor-col-100 elementor-top-column elementor-element elementor-element-384d5e4\" data-id=\"384d5e4\" data-element_type=\"column\">\n\t\t\t<div class=\"elementor-widget-wrap elementor-element-populated\">\n\t\t\t\t\t\t\t\t<section class=\"elementor-section elementor-inner-section elementor-element elementor-element-f264130 elementor-section-full_width elementor-section-content-top elementor-section-height-default elementor-section-height-default\" data-id=\"f264130\" data-element_type=\"section\">\n\t\t\t\t\t\t<div class=\"elementor-container elementor-column-gap-no\">\n\t\t\t\t\t<div class=\"elementor-column elementor-col-50 elementor-inner-column elementor-element elementor-element-c09dc10\" data-id=\"c09dc10\" data-element_type=\"column\">\n\t\t\t<div class=\"elementor-widget-wrap elementor-element-populated\">\n\t\t\t\t\t\t\t\t<div class=\"elementor-element elementor-element-c6d40d8 elementor-widget elementor-widget-heading\" data-id=\"c6d40d8\" data-element_type=\"widget\" data-widget_type=\"heading.default\">\n\t\t\t\t<div class=\"elementor-widget-container\">\n\t\t\t<h2 class=\"elementor-heading-title elementor-size-default\">Przygotowanie pedagogiczne do pracy nauczycielskiej<\/h2>\t\t<\/div>\n\t\t\t\t<\/div>\n\t\t\t\t<div class=\"elementor-element elementor-element-97dfed3 elementor-widget elementor-widget-heading\" data-id=\"97dfed3\" data-element_type=\"widget\" data-widget_type=\"heading.default\">\n\t\t\t\t<div class=\"elementor-widget-container\">\n\t\t\t<h5 class=\"elementor-heading-title elementor-size-default\">Adresaci:<\/h5>\t\t<\/div>\n\t\t\t\t<\/div>\n\t\t\t\t\t<\/div>\n\t\t<\/div>\n\t\t\t\t<div class=\"elementor-column elementor-col-50 elementor-inner-column elementor-element elementor-element-673582c\" data-id=\"673582c\" data-element_type=\"column\">\n\t\t\t<div class=\"elementor-widget-wrap elementor-element-populated\">\n\t\t\t\t\t\t\t\t<div class=\"elementor-element elementor-element-a939780 elementor-widget elementor-widget-text-editor\" data-id=\"a939780\" data-element_type=\"widget\" data-widget_type=\"text-editor.default\">\n\t\t\t\t<div class=\"elementor-widget-container\">\n\t\t\t\t\t\t\t<p>3 300 z\u0142<\/p>\t\t\t\t\t\t<\/div>\n\t\t\t\t<\/div>\n\t\t\t\t\t<\/div>\n\t\t<\/div>\n\t\t\t\t\t\t\t<\/div>\n\t\t<\/section>\n\t\t\t\t<div class=\"elementor-element elementor-element-3d55aa1 elementor-widget elementor-widget-text-editor\" data-id=\"3d55aa1\" data-element_type=\"widget\" data-widget_type=\"text-editor.default\">\n\t\t\t\t<div class=\"elementor-widget-container\">\n\t\t\t\t\t\t\t<p>Studia kierujemy do obecnych lub przysz\u0142ych nauczycieli nieposiadaj\u0105cych przygotowania pedagogicznego, a tak\u017ce do socjolog\u00f3w, pracownik\u00f3w socjalnych i innych os\u00f3b, potrzebuj\u0105cych uzupe\u0142ni\u0107 swoje kwalifikacje o przygotowanie pedagogiczne. Uzyskane przez s\u0142uchaczy uprawnienia nauczycielskie, pozwol\u0105 im znale\u017a\u0107 zatrudnienie w plac\u00f3wkach o\u015bwiatowych.<span style=\"color: var( --e-global-color-text );\">&nbsp;<\/span><\/p>\n<p><b>Cele:<\/b><\/p>\n<div align=\"justify\">Uzyskanie uprawnie\u0144\/ kwalifikacji pedagogicznych niezb\u0119dnych w pracy w plac\u00f3wkach o\u015bwiatowych i edukacyjnych.<\/div>\n<div align=\"justify\">&nbsp;<\/div>\n<p><b>Czas trwania:<\/b> trzy semestry<\/p>\n<p><b>Koszt studi\u00f3w:<\/b> 3 300 z\u0142 (1&nbsp; 100,00 z\u0142 za semestr) &#8211; p\u0142atne w miesi\u0119cznych ratach + 150,00 z\u0142 op\u0142ata wpisowa<\/p>\n<p><strong>Rozpocz\u0119cie zaj\u0119\u0107:<\/strong>&nbsp;pa\u017adziernik 2024 r.<\/p>\t\t\t\t\t\t<\/div>\n\t\t\t\t<\/div>\n\t\t\t\t<div class=\"elementor-element elementor-element-ba2ece1 elementor-align-left elementor-widget elementor-widget-button\" data-id=\"ba2ece1\" data-element_type=\"widget\" data-widget_type=\"button.default\">\n\t\t\t\t<div class=\"elementor-widget-container\">\n\t\t\t\t\t<div class=\"elementor-button-wrapper\">\n\t\t\t<a class=\"elementor-button elementor-button-link elementor-size-sm\" href=\"https:\/\/sdk.edu.pl\/index.php\/zapisz-sie-na-studia\/\">\n\t\t\t\t\t\t<span class=\"elementor-button-content-wrapper\">\n\t\t\t\t\t\t<span class=\"elementor-button-text\">ZAPISZ SIE NA STUDIA<\/span>\n\t\t<\/span>\n\t\t\t\t\t<\/a>\n\t\t<\/div>\n\t\t\t\t<\/div>\n\t\t\t\t<\/div>\n\t\t\t\t\t<\/div>\n\t\t<\/div>\n\t\t\t\t\t\t\t<\/div>\n\t\t<\/section>\n\t\t\t\t\t\t\t<\/div>\n\t\t","protected":false},"excerpt":{"rendered":"<p>Przygotowanie pedagogiczne do pracy nauczycielskiej Adresaci: 3 300 z\u0142 Studia kierujemy do obecnych lub przysz\u0142ych nauczycieli nieposiadaj\u0105cych przygotowania pedagogicznego, a tak\u017ce do socjolog\u00f3w, pracownik\u00f3w socjalnych i innych os\u00f3b, potrzebuj\u0105cych uzupe\u0142ni\u0107 swoje kwalifikacje o przygotowanie pedagogiczne. Uzyskane przez s\u0142uchaczy uprawnienia nauczycielskie, pozwol\u0105 im znale\u017a\u0107 zatrudnienie w plac\u00f3wkach o\u015bwiatowych.&nbsp; Cele: Uzyskanie uprawnie\u0144\/ kwalifikacji pedagogicznych niezb\u0119dnych w pracy [&hellip;]<\/p>\n","protected":false},"author":1,"featured_media":0,"parent":0,"menu_order":0,"comment_status":"closed","ping_status":"closed","template":"elementor_header_footer","meta":[],"_links":{"self":[{"href":"https:\/\/sdk.edu.pl\/index.php\/wp-json\/wp\/v2\/pages\/2209"}],"collection":[{"href":"https:\/\/sdk.edu.pl\/index.php\/wp-json\/wp\/v2\/pages"}],"about":[{"href":"https:\/\/sdk.edu.pl\/index.php\/wp-json\/wp\/v2\/types\/page"}],"author":[{"embeddable":true,"href":"https:\/\/sdk.edu.pl\/index.php\/wp-json\/wp\/v2\/users\/1"}],"replies":[{"embeddable":true,"href":"https:\/\/sdk.edu.pl\/index.php\/wp-json\/wp\/v2\/comments?post=2209"}],"version-history":[{"count":23,"href":"https:\/\/sdk.edu.pl\/index.php\/wp-json\/wp\/v2\/pages\/2209\/revisions"}],"predecessor-version":[{"id":3039,"href":"https:\/\/sdk.edu.pl\/index.php\/wp-json\/wp\/v2\/pages\/2209\/revisions\/3039"}],"wp:attachment":[{"href":"https:\/\/sdk.edu.pl\/index.php\/wp-json\/wp\/v2\/media?parent=2209"}],"curies":[{"name":"wp","href":"https:\/\/api.w.org\/{rel}","templated":true}]}}