{"id":2185,"date":"2021-03-17T12:27:40","date_gmt":"2021-03-17T12:27:40","guid":{"rendered":"http:\/\/sdk.edu.pl\/?page_id=2185"},"modified":"2021-03-17T12:31:55","modified_gmt":"2021-03-17T12:31:55","slug":"pedagogika-opiekunczo-wychowawcza","status":"publish","type":"page","link":"https:\/\/sdk.edu.pl\/index.php\/pedagogika-opiekunczo-wychowawcza\/","title":{"rendered":"Pedagogika opieku\u0144czo-wychowawcza z elem. profilaktyki"},"content":{"rendered":"<p><img decoding=\"async\" src=\"https:\/\/sdk.edu.pl\/wp-content\/uploads\/elementor\/thumbs\/834c8-Bibliotekoznawstwo-i-informacja-naukowa-studia-p2y89svlc44rsu79die6jpcpob38wjy6nrv5zk82b0.jpg\" title=\"834c8-Bibliotekoznawstwo-i-informacja-naukowa-studia\" alt=\"Podpis...\" \/>\t\t\t\t\t\t\t\t\t\t\t<\/p>\n<h2>Pedagogika opieku\u0144czo-wychowawcza z elem. profilaktyki <\/h2>\n<h5>Adresaci:<\/h5>\n<p>2700 z\u0142<\/p>\n<p>Studia skierowane s\u0105 do os\u00f3b zainteresowanych uzyskaniem kompetencji zawodowych potrzebnych do wykonywania pracy pedagoga opieku\u0144czo-wychowawczego. Oferta skierowana jest do pracuj\u0105cych i przysz\u0142ych pedagog\u00f3w, nauczycieli, wychowawc\u00f3w plac\u00f3wek opieku\u0144czo-socjalizuj\u0105cych.<\/p>\n<p><b>Cele:<\/b><\/p>\n<p>Wyposa\u017cenie uczestnik\u00f3w w podstawy wiedzy teoretycznej oraz umiej\u0119tno\u015bci praktyczne niezb\u0119dne w pracy opieku\u0144czo-wychowawczej. Uczestnicy s\u0105 te\u017c przygotowani do realizacji profilaktyki pierwszorz\u0119dowej w ramach pracy opieku\u0144czo &#8211; wychowawczej. Absolwenci uzyskuj\u0105 kompetencje do pracy w plac\u00f3wkach takich jak: dom dziecka, pogotowie opieku\u0144cze, internat, bursa, \u015bwietlica szkolna oraz jako pedagog szkolny. Absolwent studi\u00f3w podyplomowych zdobywa r\u00f3wnie\u017c kompetencje do pracy jako pedagog szkolny.\u00a0<\/p>\n<p><b>Czas trwania: <\/b>trzy semestry<\/p>\n<p><b>Koszt studi\u00f3w:<\/b> 2.700 z\u0142.(900 z\u0142 za semestr)- p\u0142atne w miesi\u0119cznych ratach + 150,00 z\u0142 op\u0142ata wpisowa<\/p>\n<p>\t\t\t<a href=\"https:\/\/sdk.edu.pl\/index.php\/zapisz-sie-na-studia\/\" role=\"button\"><br \/>\n\t\t\t\t\t\tZAPISZ SIE NA STUDIA<br \/>\n\t\t\t\t\t<\/a><\/p>\n","protected":false},"excerpt":{"rendered":"<p>Pedagogika opieku\u0144czo-wychowawcza z elem. profilaktyki Adresaci: 2700 z\u0142 Studia skierowane s\u0105 do os\u00f3b zainteresowanych uzyskaniem kompetencji zawodowych potrzebnych do wykonywania pracy pedagoga opieku\u0144czo-wychowawczego. Oferta skierowana jest do pracuj\u0105cych i przysz\u0142ych pedagog\u00f3w, nauczycieli, wychowawc\u00f3w plac\u00f3wek opieku\u0144czo-socjalizuj\u0105cych. Cele: Wyposa\u017cenie uczestnik\u00f3w w podstawy wiedzy teoretycznej oraz umiej\u0119tno\u015bci praktyczne niezb\u0119dne w pracy opieku\u0144czo-wychowawczej. Uczestnicy s\u0105 te\u017c przygotowani do realizacji [&hellip;]<\/p>\n","protected":false},"author":1,"featured_media":0,"parent":0,"menu_order":0,"comment_status":"closed","ping_status":"closed","template":"elementor_header_footer","meta":{"footnotes":""},"class_list":["post-2185","page","type-page","status-publish","hentry"],"_links":{"self":[{"href":"https:\/\/sdk.edu.pl\/index.php\/wp-json\/wp\/v2\/pages\/2185","targetHints":{"allow":["GET"]}}],"collection":[{"href":"https:\/\/sdk.edu.pl\/index.php\/wp-json\/wp\/v2\/pages"}],"about":[{"href":"https:\/\/sdk.edu.pl\/index.php\/wp-json\/wp\/v2\/types\/page"}],"author":[{"embeddable":true,"href":"https:\/\/sdk.edu.pl\/index.php\/wp-json\/wp\/v2\/users\/1"}],"replies":[{"embeddable":true,"href":"https:\/\/sdk.edu.pl\/index.php\/wp-json\/wp\/v2\/comments?post=2185"}],"version-history":[{"count":8,"href":"https:\/\/sdk.edu.pl\/index.php\/wp-json\/wp\/v2\/pages\/2185\/revisions"}],"predecessor-version":[{"id":2196,"href":"https:\/\/sdk.edu.pl\/index.php\/wp-json\/wp\/v2\/pages\/2185\/revisions\/2196"}],"wp:attachment":[{"href":"https:\/\/sdk.edu.pl\/index.php\/wp-json\/wp\/v2\/media?parent=2185"}],"curies":[{"name":"wp","href":"https:\/\/api.w.org\/{rel}","templated":true}]}}

Pedagogika opiekuńczo-wychowawcza z elem. profilaktyki

<p><img decoding="async" src="https://sdk.edu.pl/wp-content/uploads/elementor/thumbs/834c8-Bibliotekoznawstwo-i-informacja-naukowa-studia-p2y89svlc44rsu79die6jpcpob38wjy6nrv5zk82b0.jpg" title="834c8-Bibliotekoznawstwo-i-informacja-naukowa-studia" alt="Podpis..." />											</p>
<h2>Pedagogika opiekuńczo-wychowawcza z elem. profilaktyki </h2>
<h5>Adresaci:</h5>
<p>2700 zł</p>
<p>Studia skierowane są do osób zainteresowanych uzyskaniem kompetencji zawodowych potrzebnych do wykonywania pracy pedagoga opiekuńczo-wychowawczego. Oferta skierowana jest do pracujących i przyszłych pedagogów, nauczycieli, wychowawców placówek opiekuńczo-socjalizujących.</p>
<p><b>Cele:</b></p>
<p>Wyposażenie uczestników w podstawy wiedzy teoretycznej oraz umiejętności praktyczne niezbędne w pracy opiekuńczo-wychowawczej. Uczestnicy są też przygotowani do realizacji profilaktyki pierwszorzędowej w ramach pracy opiekuńczo &#8211; wychowawczej. Absolwenci uzyskują kompetencje do pracy w placówkach takich jak: dom dziecka, pogotowie opiekuńcze, internat, bursa, świetlica szkolna oraz jako pedagog szkolny. Absolwent studiów podyplomowych zdobywa również kompetencje do pracy jako pedagog szkolny. </p>
<p><b>Czas trwania: </b>trzy semestry</p>
<p><b>Koszt studiów:</b> 2.700 zł.(900 zł za semestr)- płatne w miesięcznych ratach + 150,00 zł opłata wpisowa</p>
<p>			<a href="https://sdk.edu.pl/index.php/zapisz-sie-na-studia/" role="button"><br />
						ZAPISZ SIE NA STUDIA<br />
					</a></p>

<p>Pedagogika opiekuńczo-wychowawcza z elem. profilaktyki Adresaci: 2700 zł Studia skierowane są do osób zainteresowanych uzyskaniem kompetencji zawodowych potrzebnych do wykonywania pracy pedagoga opiekuńczo-wychowawczego. Oferta skierowana jest do pracujących i przyszłych pedagogów, nauczycieli, wychowawców placówek opiekuńczo-socjalizujących. Cele: Wyposażenie uczestników w podstawy wiedzy teoretycznej oraz umiejętności praktyczne niezbędne w pracy opiekuńczo-wychowawczej. Uczestnicy są też przygotowani do realizacji [&hellip;]</p>
