{"id":2117,"date":"2021-03-17T12:12:34","date_gmt":"2021-03-17T12:12:34","guid":{"rendered":"http:\/\/sdk.edu.pl\/?page_id=2117"},"modified":"2026-08-20T08:59:44","modified_gmt":"2026-08-20T08:59:44","slug":"edukacja-i-terapia-osob-z-zaburzeniami-ze-spektrum-autyzmu","status":"publish","type":"page","link":"https:\/\/sdk.edu.pl\/index.php\/edukacja-i-terapia-osob-z-zaburzeniami-ze-spektrum-autyzmu\/","title":{"rendered":"Edukacja i terapia os\u00f3b z zaburzeniami ze spektrum autyzmu"},"content":{"rendered":"<p><img decoding=\"async\" src=\"https:\/\/sdk.edu.pl\/wp-content\/uploads\/elementor\/thumbs\/834c8-Bibliotekoznawstwo-i-informacja-naukowa-studia-p2y89svlc44rsu79die6jpcpob38wjy6nrv5zk82b0.jpg\" title=\"834c8-Bibliotekoznawstwo-i-informacja-naukowa-studia\" alt=\"Podpis...\" loading=\"lazy\" \/>\t\t\t\t\t\t\t\t\t\t\t\t\t\t\t<\/p>\n<h2>Edukacja i terapia os\u00f3b z zaburzeniami ze spektrum autyzmu<\/h2>\n<h5>Adresaci:<\/h5>\n<p>3300 z\u0142<\/p>\n<p>Studia adresowane s\u0105 do os\u00f3b zainteresowanych poszerzeniem wiedzy w zakresie autyzmu, absolwent\u00f3w studi\u00f3w wy\u017cszych &#8211; licencjackich i magisterskich, posiadaj\u0105cych przygotowanie pedagogiczne.<br \/>\n&nbsp;<\/p>\n<p><b>Cele:<\/b><\/p>\n<p>Celem studi\u00f3w jest przygotowanie s\u0142uchaczy do pracy z dzieckiem ze spektrum autyzmu i Zespo\u0142em Aspergera. Absolwenci poszerz\u0105 tak\u017ce kwalifikacje do pracy na stanowisku nauczyciela wspomagaj\u0105cego w oddzia\u0142ach integracyjnych. Program studi\u00f3w ukierunkowany jest na rozwijanie kompetencji koniecznych do projektowania i realizacji zada\u0144 zwi\u0105zanych z opiek\u0105, wychowaniem, wspieraniem rozwoju i pomoc\u0105 zar\u00f3wno dla dzieci i m\u0142odzie\u017cy, jak i ich rodzin.<br \/>\nStudia z zakresu pracy z dzieckiem z autyzmem i Zespo\u0142em Aspergera to po\u0142\u0105czenie teorii z praktyk\u0105. Zaj\u0119cia prowadz\u0105 zar\u00f3wno teoretycy, jak i osoby pracuj\u0105ce w instytucjach zajmuj\u0105cych si\u0119 osobami niepe\u0142nosprawnymi. S\u0142uchacze maj\u0105 okazj\u0119 nie tylko pozna\u0107 teoretyczne aspekty warunkuj\u0105ce efektywno\u015b\u0107 pracy z dzie\u0107mi i m\u0142odzie\u017c\u0105, ale tak\u017ce rozwin\u0105\u0107 swoje kompetencje konieczne w pracy nauczyciela w oddziale specjalnym, integracyjnym i og\u00f3lnodost\u0119pnym.<br \/>\n&nbsp;<br \/>\n<strong>Typ studi\u00f3w:<\/strong> studia podyplomowe kwalifikacyjne.<br \/>\n&nbsp;<\/p>\n<p><b>Czas trwania:<\/b> trzy semestry<\/p>\n<p><b>Koszt studi\u00f3w:<\/b> 3 900 z\u0142 (1&nbsp; 300 z\u0142 za semestr)- p\u0142atne w miesi\u0119cznych ratach + 150 z\u0142 op\u0142ata wpisowa<\/p>\n<p><strong>Rozpocz\u0119cie studi\u00f3w: pa\u017adziernik 2026 r.<\/strong><\/p>\n<p>\t\t\t<a href=\"https:\/\/sdk.edu.pl\/index.php\/zapisz-sie-na-studia\/\"><br \/>\n\t\t\t\t\t\tZAPISZ SIE NA STUDIA<br \/>\n\t\t\t\t\t<\/a><\/p>\n","protected":false},"excerpt":{"rendered":"<p>Edukacja i terapia os\u00f3b z zaburzeniami ze spektrum autyzmu Adresaci: 3300 z\u0142 Studia adresowane s\u0105 do os\u00f3b zainteresowanych poszerzeniem wiedzy w zakresie autyzmu, absolwent\u00f3w studi\u00f3w wy\u017cszych &#8211; licencjackich i magisterskich, posiadaj\u0105cych przygotowanie pedagogiczne. &nbsp; Cele: Celem studi\u00f3w jest przygotowanie s\u0142uchaczy do pracy z dzieckiem ze spektrum autyzmu i Zespo\u0142em Aspergera. Absolwenci poszerz\u0105 tak\u017ce kwalifikacje do [&hellip;]<\/p>\n","protected":false},"author":1,"featured_media":0,"parent":0,"menu_order":0,"comment_status":"closed","ping_status":"closed","template":"elementor_header_footer","meta":{"footnotes":""},"class_list":["post-2117","page","type-page","status-publish","hentry"],"_links":{"self":[{"href":"https:\/\/sdk.edu.pl\/index.php\/wp-json\/wp\/v2\/pages\/2117","targetHints":{"allow":["GET"]}}],"collection":[{"href":"https:\/\/sdk.edu.pl\/index.php\/wp-json\/wp\/v2\/pages"}],"about":[{"href":"https:\/\/sdk.edu.pl\/index.php\/wp-json\/wp\/v2\/types\/page"}],"author":[{"embeddable":true,"href":"https:\/\/sdk.edu.pl\/index.php\/wp-json\/wp\/v2\/users\/1"}],"replies":[{"embeddable":true,"href":"https:\/\/sdk.edu.pl\/index.php\/wp-json\/wp\/v2\/comments?post=2117"}],"version-history":[{"count":61,"href":"https:\/\/sdk.edu.pl\/index.php\/wp-json\/wp\/v2\/pages\/2117\/revisions"}],"predecessor-version":[{"id":3107,"href":"https:\/\/sdk.edu.pl\/index.php\/wp-json\/wp\/v2\/pages\/2117\/revisions\/3107"}],"wp:attachment":[{"href":"https:\/\/sdk.edu.pl\/index.php\/wp-json\/wp\/v2\/media?parent=2117"}],"curies":[{"name":"wp","href":"https:\/\/api.w.org\/{rel}","templated":true}]}}

Edukacja i terapia osób z zaburzeniami ze spektrum autyzmu

<p><img decoding="async" src="https://sdk.edu.pl/wp-content/uploads/elementor/thumbs/834c8-Bibliotekoznawstwo-i-informacja-naukowa-studia-p2y89svlc44rsu79die6jpcpob38wjy6nrv5zk82b0.jpg" title="834c8-Bibliotekoznawstwo-i-informacja-naukowa-studia" alt="Podpis..." loading="lazy" />															</p>
<h2>Edukacja i terapia osób z zaburzeniami ze spektrum autyzmu</h2>
<h5>Adresaci:</h5>
<p>3300 zł</p>
<p>Studia adresowane są do osób zainteresowanych poszerzeniem wiedzy w zakresie autyzmu, absolwentów studiów wyższych &#8211; licencjackich i magisterskich, posiadających przygotowanie pedagogiczne.<br />
&nbsp;</p>
<p><b>Cele:</b></p>
<p>Celem studiów jest przygotowanie słuchaczy do pracy z dzieckiem ze spektrum autyzmu i Zespołem Aspergera. Absolwenci poszerzą także kwalifikacje do pracy na stanowisku nauczyciela wspomagającego w oddziałach integracyjnych. Program studiów ukierunkowany jest na rozwijanie kompetencji koniecznych do projektowania i realizacji zadań związanych z opieką, wychowaniem, wspieraniem rozwoju i pomocą zarówno dla dzieci i młodzieży, jak i ich rodzin.<br />
Studia z zakresu pracy z dzieckiem z autyzmem i Zespołem Aspergera to połączenie teorii z praktyką. Zajęcia prowadzą zarówno teoretycy, jak i osoby pracujące w instytucjach zajmujących się osobami niepełnosprawnymi. Słuchacze mają okazję nie tylko poznać teoretyczne aspekty warunkujące efektywność pracy z dziećmi i młodzieżą, ale także rozwinąć swoje kompetencje konieczne w pracy nauczyciela w oddziale specjalnym, integracyjnym i ogólnodostępnym.<br />
&nbsp;<br />
<strong>Typ studiów:</strong> studia podyplomowe kwalifikacyjne.<br />
&nbsp;</p>
<p><b>Czas trwania:</b> trzy semestry</p>
<p><b>Koszt studiów:</b> 3 900 zł (1&nbsp; 300 zł za semestr)- płatne w miesięcznych ratach + 150 zł opłata wpisowa</p>
<p><strong>Rozpoczęcie studiów: październik 2026 r.</strong></p>
<p>			<a href="https://sdk.edu.pl/index.php/zapisz-sie-na-studia/"><br />
						ZAPISZ SIE NA STUDIA<br />
					</a></p>

<p>Edukacja i terapia osób z zaburzeniami ze spektrum autyzmu Adresaci: 3300 zł Studia adresowane są do osób zainteresowanych poszerzeniem wiedzy w zakresie autyzmu, absolwentów studiów wyższych &#8211; licencjackich i magisterskich, posiadających przygotowanie pedagogiczne. &nbsp; Cele: Celem studiów jest przygotowanie słuchaczy do pracy z dzieckiem ze spektrum autyzmu i Zespołem Aspergera. Absolwenci poszerzą także kwalifikacje do [&hellip;]</p>
