{"id":2108,"date":"2021-03-17T12:10:37","date_gmt":"2021-03-17T12:10:37","guid":{"rendered":"http:\/\/sdk.edu.pl\/?page_id=2108"},"modified":"2026-02-19T12:27:04","modified_gmt":"2026-02-19T12:27:04","slug":"dydaktyka-jezyka-angielskiego-w-edukacji-przedszkolnej-i-wczesnoszkolej","status":"publish","type":"page","link":"https:\/\/sdk.edu.pl\/index.php\/dydaktyka-jezyka-angielskiego-w-edukacji-przedszkolnej-i-wczesnoszkolej\/","title":{"rendered":"Dydaktyka j\u0119zyka angielskiego w edukacji przedszkolnej i wczesnoszkolej"},"content":{"rendered":"\t\t<div data-elementor-type=\"wp-post\" data-elementor-id=\"2108\" class=\"elementor elementor-2108\">\n\t\t\t\t\t\t\t\t\t<section class=\"elementor-section elementor-top-section elementor-element elementor-element-247ac1f elementor-section-boxed elementor-section-height-default elementor-section-height-default\" data-id=\"247ac1f\" data-element_type=\"section\">\n\t\t\t\t\t\t<div class=\"elementor-container elementor-column-gap-default\">\n\t\t\t\t\t<div class=\"elementor-column elementor-col-100 elementor-top-column elementor-element elementor-element-384d5e4\" data-id=\"384d5e4\" data-element_type=\"column\">\n\t\t\t<div class=\"elementor-widget-wrap elementor-element-populated\">\n\t\t\t\t\t\t\t\t<div class=\"elementor-element elementor-element-7a91f92 elementor-hidden-desktop elementor-hidden-tablet elementor-hidden-mobile elementor-widget elementor-widget-image\" data-id=\"7a91f92\" data-element_type=\"widget\" data-widget_type=\"image.default\">\n\t\t\t\t<div class=\"elementor-widget-container\">\n\t\t\t\t\t\t\t\t\t\t\t\t\t\t\t<img decoding=\"async\" src=\"https:\/\/sdk.edu.pl\/wp-content\/uploads\/elementor\/thumbs\/834c8-Bibliotekoznawstwo-i-informacja-naukowa-studia-p2y89svlc44rsu79die6jpcpob38wjy6nrv5zk82b0.jpg\" title=\"834c8-Bibliotekoznawstwo-i-informacja-naukowa-studia\" alt=\"Podpis...\" loading=\"lazy\" \/>\t\t\t\t\t\t\t\t\t\t\t\t\t\t\t<\/div>\n\t\t\t\t<\/div>\n\t\t\t\t<section class=\"elementor-section elementor-inner-section elementor-element elementor-element-f264130 elementor-section-full_width elementor-section-content-top elementor-section-height-default elementor-section-height-default\" data-id=\"f264130\" data-element_type=\"section\">\n\t\t\t\t\t\t<div class=\"elementor-container elementor-column-gap-no\">\n\t\t\t\t\t<div class=\"elementor-column elementor-col-50 elementor-inner-column elementor-element elementor-element-c09dc10\" data-id=\"c09dc10\" data-element_type=\"column\">\n\t\t\t<div class=\"elementor-widget-wrap elementor-element-populated\">\n\t\t\t\t\t\t\t\t<div class=\"elementor-element elementor-element-c6d40d8 elementor-widget elementor-widget-heading\" data-id=\"c6d40d8\" data-element_type=\"widget\" data-widget_type=\"heading.default\">\n\t\t\t\t<div class=\"elementor-widget-container\">\n\t\t\t<h2 class=\"elementor-heading-title elementor-size-default\">Dydaktyka j\u0119zyka angielskiego w edukacji przedszkolnej i wczesnoszkolnej <\/h2>\t\t<\/div>\n\t\t\t\t<\/div>\n\t\t\t\t<div class=\"elementor-element elementor-element-97dfed3 elementor-widget elementor-widget-heading\" data-id=\"97dfed3\" data-element_type=\"widget\" data-widget_type=\"heading.default\">\n\t\t\t\t<div class=\"elementor-widget-container\">\n\t\t\t<h5 class=\"elementor-heading-title elementor-size-default\">Adresaci:<\/h5>\t\t<\/div>\n\t\t\t\t<\/div>\n\t\t\t\t\t<\/div>\n\t\t<\/div>\n\t\t\t\t<div class=\"elementor-column elementor-col-50 elementor-inner-column elementor-element elementor-element-673582c\" data-id=\"673582c\" data-element_type=\"column\">\n\t\t\t<div class=\"elementor-widget-wrap elementor-element-populated\">\n\t\t\t\t\t\t\t\t<div class=\"elementor-element elementor-element-a939780 elementor-widget elementor-widget-text-editor\" data-id=\"a939780\" data-element_type=\"widget\" data-widget_type=\"text-editor.default\">\n\t\t\t\t<div class=\"elementor-widget-container\">\n\t\t\t\t\t\t\t<p>3300 z\u0142<\/p><p>\u00a0<\/p>\t\t\t\t\t\t<\/div>\n\t\t\t\t<\/div>\n\t\t\t\t\t<\/div>\n\t\t<\/div>\n\t\t\t\t\t\t\t<\/div>\n\t\t<\/section>\n\t\t\t\t<div class=\"elementor-element elementor-element-3d55aa1 elementor-widget elementor-widget-text-editor\" data-id=\"3d55aa1\" data-element_type=\"widget\" data-widget_type=\"text-editor.default\">\n\t\t\t\t<div class=\"elementor-widget-container\">\n\t\t\t\t\t\t\t<div align=\"justify\"><p>Studia podyplomowe kierujemy do os\u00f3b, kt\u00f3re chc\u0105 uzyska\u0107 kwalifikacje w zakresie dydaktyki j\u0119zyka angielskiego w edukacji przedszkolnej i wczesnoszkolnej.<\/p>\n<\/div>\n<p><b>Cele:<\/b><\/p>\n<div align=\"justify\">\n<ul>\n<li>Nabycie kwalifikacji metodycznych do nauczania j. angielskiego w przedszkolu i klasach I-III szko\u0142y podstawowej.<\/li>\n<li>Nabycie wiedzy i kompetencji metodycznych z zakresu metod i technik nauczania j\u0119zyka angielskiego w pracy z dzie\u0107mi.<\/li>\n<li>Doskonalenie wiedzy i umiej\u0119tno\u015bci psychologiczno-pedagogicznych niezb\u0119dnych w pracy dydaktyczno-wychowawczej <br>w przedszkolu i na I etapie edukacyjnym.<\/li>\n<li>Doskonalenie kompetencji j\u0119zykowych w zakresie j\u0119zyka angielskiego.\n<p><b>Czas trwania:<\/b> trzy semestry<\/p>\n<p><b>Koszt studi\u00f3w:<\/b> 3 300 z\u0142 (1 100 z\u0142 za semestr)- p\u0142atne w miesi\u0119cznych ratach + 150,00 z\u0142 op\u0142ata wpisowa<\/p>\n<p>Absolwent studi\u00f3w podyplomowych <b>Dydaktyka j\u0119zyka angielskiego w edukacji przedszkolnej i wczesnoszkolnej:<\/b><\/p>\n<\/li>\n<li>uzyska kompleksowe przygotowanie metodyczne do prowadzenia zaj\u0119\u0107 w zakresie wczesnego nauczania j\u0119zyka angielskiego,<\/li>\n<li>podniesie swoje kompetencje w zakresie znajomo\u015bci j\u0119zyka angielskiego w czterech g\u0142\u00f3wnych aspektach: m\u00f3wieniu, pisaniu, czytaniu i rozumieniu ze s\u0142uchu.<\/li>\n<\/ul>\n<\/div>\t\t\t\t\t\t<\/div>\n\t\t\t\t<\/div>\n\t\t\t\t<div class=\"elementor-element elementor-element-ba2ece1 elementor-align-left elementor-widget elementor-widget-button\" data-id=\"ba2ece1\" data-element_type=\"widget\" data-widget_type=\"button.default\">\n\t\t\t\t<div class=\"elementor-widget-container\">\n\t\t\t\t\t<div class=\"elementor-button-wrapper\">\n\t\t\t<a class=\"elementor-button elementor-button-link elementor-size-sm\" href=\"https:\/\/sdk.edu.pl\/index.php\/zapisz-sie-na-studia\/\">\n\t\t\t\t\t\t<span class=\"elementor-button-content-wrapper\">\n\t\t\t\t\t\t<span class=\"elementor-button-text\">ZAPISZ SIE NA STUDIA<\/span>\n\t\t<\/span>\n\t\t\t\t\t<\/a>\n\t\t<\/div>\n\t\t\t\t<\/div>\n\t\t\t\t<\/div>\n\t\t\t\t\t<\/div>\n\t\t<\/div>\n\t\t\t\t\t\t\t<\/div>\n\t\t<\/section>\n\t\t\t\t\t\t\t<\/div>\n\t\t","protected":false},"excerpt":{"rendered":"<p>Dydaktyka j\u0119zyka angielskiego w edukacji przedszkolnej i wczesnoszkolnej Adresaci: 3300 z\u0142 \u00a0 Studia podyplomowe kierujemy do os\u00f3b, kt\u00f3re chc\u0105 uzyska\u0107 kwalifikacje w zakresie dydaktyki j\u0119zyka angielskiego w edukacji przedszkolnej i wczesnoszkolnej. Cele: Nabycie kwalifikacji metodycznych do nauczania j. angielskiego w przedszkolu i klasach I-III szko\u0142y podstawowej. Nabycie wiedzy i kompetencji metodycznych z zakresu metod i [&hellip;]<\/p>\n","protected":false},"author":1,"featured_media":0,"parent":0,"menu_order":0,"comment_status":"closed","ping_status":"closed","template":"elementor_header_footer","meta":[],"_links":{"self":[{"href":"https:\/\/sdk.edu.pl\/index.php\/wp-json\/wp\/v2\/pages\/2108"}],"collection":[{"href":"https:\/\/sdk.edu.pl\/index.php\/wp-json\/wp\/v2\/pages"}],"about":[{"href":"https:\/\/sdk.edu.pl\/index.php\/wp-json\/wp\/v2\/types\/page"}],"author":[{"embeddable":true,"href":"https:\/\/sdk.edu.pl\/index.php\/wp-json\/wp\/v2\/users\/1"}],"replies":[{"embeddable":true,"href":"https:\/\/sdk.edu.pl\/index.php\/wp-json\/wp\/v2\/comments?post=2108"}],"version-history":[{"count":20,"href":"https:\/\/sdk.edu.pl\/index.php\/wp-json\/wp\/v2\/pages\/2108\/revisions"}],"predecessor-version":[{"id":2982,"href":"https:\/\/sdk.edu.pl\/index.php\/wp-json\/wp\/v2\/pages\/2108\/revisions\/2982"}],"wp:attachment":[{"href":"https:\/\/sdk.edu.pl\/index.php\/wp-json\/wp\/v2\/media?parent=2108"}],"curies":[{"name":"wp","href":"https:\/\/api.w.org\/{rel}","templated":true}]}}