{"id":2063,"date":"2021-03-17T11:58:49","date_gmt":"2021-03-17T11:58:49","guid":{"rendered":"http:\/\/sdk.edu.pl\/?page_id=2063"},"modified":"2026-02-19T12:56:21","modified_gmt":"2026-02-19T12:56:21","slug":"pedagogiczno-metodyczny-dla-nauczycieli-jezyka-angielskiego","status":"publish","type":"page","link":"https:\/\/sdk.edu.pl\/index.php\/pedagogiczno-metodyczny-dla-nauczycieli-jezyka-angielskiego\/","title":{"rendered":"Pedagogiczno &#8211; metodyczny dla nauczycieli j\u0119zyka angielskiego"},"content":{"rendered":"\t\t<div data-elementor-type=\"wp-post\" data-elementor-id=\"2063\" class=\"elementor elementor-2063\">\n\t\t\t\t\t\t\t\t\t<section class=\"elementor-section elementor-top-section elementor-element elementor-element-247ac1f elementor-section-boxed elementor-section-height-default elementor-section-height-default\" data-id=\"247ac1f\" data-element_type=\"section\">\n\t\t\t\t\t\t<div class=\"elementor-container elementor-column-gap-default\">\n\t\t\t\t\t<div class=\"elementor-column elementor-col-100 elementor-top-column elementor-element elementor-element-384d5e4\" data-id=\"384d5e4\" data-element_type=\"column\">\n\t\t\t<div class=\"elementor-widget-wrap elementor-element-populated\">\n\t\t\t\t\t\t\t\t<section class=\"elementor-section elementor-inner-section elementor-element elementor-element-f264130 elementor-section-full_width elementor-section-content-top elementor-section-height-default elementor-section-height-default\" data-id=\"f264130\" data-element_type=\"section\">\n\t\t\t\t\t\t<div class=\"elementor-container elementor-column-gap-no\">\n\t\t\t\t\t<div class=\"elementor-column elementor-col-50 elementor-inner-column elementor-element elementor-element-c09dc10\" data-id=\"c09dc10\" data-element_type=\"column\">\n\t\t\t<div class=\"elementor-widget-wrap elementor-element-populated\">\n\t\t\t\t\t\t\t\t<div class=\"elementor-element elementor-element-c6d40d8 elementor-widget elementor-widget-heading\" data-id=\"c6d40d8\" data-element_type=\"widget\" data-widget_type=\"heading.default\">\n\t\t\t\t<div class=\"elementor-widget-container\">\n\t\t\t<h2 class=\"elementor-heading-title elementor-size-default\">Pedagogiczno - metodyczny dla nauczycieli j\u0119zyka angielskiego<\/h2>\t\t<\/div>\n\t\t\t\t<\/div>\n\t\t\t\t<div class=\"elementor-element elementor-element-97dfed3 elementor-widget elementor-widget-heading\" data-id=\"97dfed3\" data-element_type=\"widget\" data-widget_type=\"heading.default\">\n\t\t\t\t<div class=\"elementor-widget-container\">\n\t\t\t<h5 class=\"elementor-heading-title elementor-size-default\">Adresaci: <\/h5>\t\t<\/div>\n\t\t\t\t<\/div>\n\t\t\t\t\t<\/div>\n\t\t<\/div>\n\t\t\t\t<div class=\"elementor-column elementor-col-50 elementor-inner-column elementor-element elementor-element-673582c\" data-id=\"673582c\" data-element_type=\"column\">\n\t\t\t<div class=\"elementor-widget-wrap elementor-element-populated\">\n\t\t\t\t\t\t\t\t<div class=\"elementor-element elementor-element-a939780 elementor-widget elementor-widget-text-editor\" data-id=\"a939780\" data-element_type=\"widget\" data-widget_type=\"text-editor.default\">\n\t\t\t\t<div class=\"elementor-widget-container\">\n\t\t\t\t\t\t\t<p>1000 z\u0142<\/p>\t\t\t\t\t\t<\/div>\n\t\t\t\t<\/div>\n\t\t\t\t\t<\/div>\n\t\t<\/div>\n\t\t\t\t\t\t\t<\/div>\n\t\t<\/section>\n\t\t\t\t<div class=\"elementor-element elementor-element-3d55aa1 elementor-widget elementor-widget-text-editor\" data-id=\"3d55aa1\" data-element_type=\"widget\" data-widget_type=\"text-editor.default\">\n\t\t\t\t<div class=\"elementor-widget-container\">\n\t\t\t\t\t\t\t<div align=\"justify\">\n<div align=\"justify\">Nauczyciele czynni zawodowo legitymuj\u0105cy si\u0119 dyplomem uko\u0144czenia studi\u00f3w wyzszych dowolnego kierunku, zak\u0142adu kszta\u0142cenia nauczycieli oraz odpowiednio jednym ze \u015bwiadectw potwierdzaj\u0105cych znajomo\u015b\u0107 danego j\u0119zyka obcego i ubiegaj\u0105cych si\u0119 o uzyskanie pe\u0142nych kwalifikacji do nauczania j\u0119zyka obcego w szkole.<\/div><div align=\"justify\"><br><\/div>\n<p><b>Cele i zadania kursu:<\/b><\/p>\n<div align=\"justify\">\n<ul>\n<li>Rozwijanie u s\u0142uchaczy rozumienia zasad komunikacji w j\u0119zyku obcym oraz wiedzy o krajach danego obszaru j\u0119zykowego<\/li>\n<li>Zapoznanie s\u0142uchaczy z podstawowymi poj\u0119ciami i teoriami nauczania i uczenia si\u0119 j\u0119zyka obcego, jak r\u00f3wnie\u017c z r\u00f3\u017cnorodnymi podej\u015bciami do problematyki przyswajania j\u0119zyka<\/li>\n<li>Zapoznanie s\u0142uchaczy z ca\u0142\u0105 gam\u0105 technik, kt\u00f3re mo\u017cna efektywnie wykorzystywa\u0107 w pracy nad j\u0119zykiem w szkole<\/li>\n<li>Pomoc s\u0142uchaczom w rozwijaniu w\u0142asnego stylu nauczania i interakcji z uwzgl\u0119dnieniem ich psychologicznej i pedagogicznej autoanalizy<\/li>\n<li>Umo\u017cliwienie s\u0142uchaczom podejmowania racjonalnych decyzji co do tego, kt\u00f3re umiej\u0119tno\u015bci dzia\u0142ania s\u0105 potrzebna i odpowiednie w danej sytuacji dydakyucznej<\/li>\n<li>Rozwijanie u s\u0142uchaczy umiej\u0119tno\u015bci w\u0142a\u015bciwego oceniania, wyboru i korzystania z r\u00f3\u017cnorodnych materia\u0142\u00f3w nauczania i pomocy dydaktycznych<\/li>\n<li>Rozwijanie umiej\u0119tno\u015bci samoobserwacji i samooceny umo\u017cliwiaj\u0105cej s\u0142uchaczowi doskonalenia w\u0142asnego warsztatu itd.<\/li><\/ul><\/div>\n<div align=\"left\"><b>Zakres programowy:<\/b><\/div>\n<ul>\n<li><span style=\"font-size: small;\">Psychopedagogika<\/span><\/li>\n<li><span style=\"font-size: small;\">Metodyka nauczania j\u0119zyka <\/span><\/li>\n<li><span style=\"font-size: small;\">Wiadomo\u015bci o krajach obszaru j\u0119zykowego<\/span><\/li>\n<li><span style=\"font-size: small;\">Gramatyka pedagogiczna j\u0119zyka<\/span><\/li>\n<li><span style=\"font-size: small;\">Praca w\u0142asna<\/span><\/li>\n<\/ul>\n<p><b>Czas trwania:<\/b> 280 godz. (2 semestry) &#8211; w tym 140 godzin pracy w\u0142asnej<\/p>\n<p><b>Odp\u0142atno\u015b\u0107:<\/b> 1000 z\u0142. (500 z\u0142 za semestr) &#8211; p\u0142atne w miesi\u0119cznych ratach<\/p>\n<\/div>\t\t\t\t\t\t<\/div>\n\t\t\t\t<\/div>\n\t\t\t\t<div class=\"elementor-element elementor-element-ba2ece1 elementor-align-left elementor-widget elementor-widget-button\" data-id=\"ba2ece1\" data-element_type=\"widget\" data-widget_type=\"button.default\">\n\t\t\t\t<div class=\"elementor-widget-container\">\n\t\t\t\t\t<div class=\"elementor-button-wrapper\">\n\t\t\t<a class=\"elementor-button elementor-button-link elementor-size-sm\" href=\"https:\/\/sdk.edu.pl\/index.php\/zapisz-sie-na-kurs\/\">\n\t\t\t\t\t\t<span class=\"elementor-button-content-wrapper\">\n\t\t\t\t\t\t<span class=\"elementor-button-text\">ZAPISZ SIE NA KURS<\/span>\n\t\t<\/span>\n\t\t\t\t\t<\/a>\n\t\t<\/div>\n\t\t\t\t<\/div>\n\t\t\t\t<\/div>\n\t\t\t\t\t<\/div>\n\t\t<\/div>\n\t\t\t\t\t\t\t<\/div>\n\t\t<\/section>\n\t\t\t\t\t\t\t<\/div>\n\t\t","protected":false},"excerpt":{"rendered":"<p>Pedagogiczno &#8211; metodyczny dla nauczycieli j\u0119zyka angielskiego Adresaci: 1000 z\u0142 Nauczyciele czynni zawodowo legitymuj\u0105cy si\u0119 dyplomem uko\u0144czenia studi\u00f3w wyzszych dowolnego kierunku, zak\u0142adu kszta\u0142cenia nauczycieli oraz odpowiednio jednym ze \u015bwiadectw potwierdzaj\u0105cych znajomo\u015b\u0107 danego j\u0119zyka obcego i ubiegaj\u0105cych si\u0119 o uzyskanie pe\u0142nych kwalifikacji do nauczania j\u0119zyka obcego w szkole. Cele i zadania kursu: Rozwijanie u s\u0142uchaczy rozumienia [&hellip;]<\/p>\n","protected":false},"author":1,"featured_media":0,"parent":0,"menu_order":0,"comment_status":"closed","ping_status":"closed","template":"elementor_header_footer","meta":[],"_links":{"self":[{"href":"https:\/\/sdk.edu.pl\/index.php\/wp-json\/wp\/v2\/pages\/2063"}],"collection":[{"href":"https:\/\/sdk.edu.pl\/index.php\/wp-json\/wp\/v2\/pages"}],"about":[{"href":"https:\/\/sdk.edu.pl\/index.php\/wp-json\/wp\/v2\/types\/page"}],"author":[{"embeddable":true,"href":"https:\/\/sdk.edu.pl\/index.php\/wp-json\/wp\/v2\/users\/1"}],"replies":[{"embeddable":true,"href":"https:\/\/sdk.edu.pl\/index.php\/wp-json\/wp\/v2\/comments?post=2063"}],"version-history":[{"count":11,"href":"https:\/\/sdk.edu.pl\/index.php\/wp-json\/wp\/v2\/pages\/2063\/revisions"}],"predecessor-version":[{"id":3051,"href":"https:\/\/sdk.edu.pl\/index.php\/wp-json\/wp\/v2\/pages\/2063\/revisions\/3051"}],"wp:attachment":[{"href":"https:\/\/sdk.edu.pl\/index.php\/wp-json\/wp\/v2\/media?parent=2063"}],"curies":[{"name":"wp","href":"https:\/\/api.w.org\/{rel}","templated":true}]}}