{"id":2045,"date":"2021-03-17T11:55:06","date_gmt":"2021-03-17T11:55:06","guid":{"rendered":"http:\/\/sdk.edu.pl\/?page_id=2045"},"modified":"2026-02-19T12:56:03","modified_gmt":"2026-02-19T12:56:03","slug":"pedagogiczny-dla-nauczycieli-praktycznej-nauki-zawodu","status":"publish","type":"page","link":"https:\/\/sdk.edu.pl\/index.php\/pedagogiczny-dla-nauczycieli-praktycznej-nauki-zawodu\/","title":{"rendered":"Pedagogiczny dla nauczycieli praktycznej nauki zawodu"},"content":{"rendered":"\t\t<div data-elementor-type=\"wp-post\" data-elementor-id=\"2045\" class=\"elementor elementor-2045\">\n\t\t\t\t\t\t\t\t\t<section class=\"elementor-section elementor-top-section elementor-element elementor-element-247ac1f elementor-section-boxed elementor-section-height-default elementor-section-height-default\" data-id=\"247ac1f\" data-element_type=\"section\">\n\t\t\t\t\t\t<div class=\"elementor-container elementor-column-gap-default\">\n\t\t\t\t\t<div class=\"elementor-column elementor-col-100 elementor-top-column elementor-element elementor-element-384d5e4\" data-id=\"384d5e4\" data-element_type=\"column\">\n\t\t\t<div class=\"elementor-widget-wrap elementor-element-populated\">\n\t\t\t\t\t\t\t\t<section class=\"elementor-section elementor-inner-section elementor-element elementor-element-f264130 elementor-section-full_width elementor-section-content-top elementor-section-height-default elementor-section-height-default\" data-id=\"f264130\" data-element_type=\"section\">\n\t\t\t\t\t\t<div class=\"elementor-container elementor-column-gap-no\">\n\t\t\t\t\t<div class=\"elementor-column elementor-col-50 elementor-inner-column elementor-element elementor-element-c09dc10\" data-id=\"c09dc10\" data-element_type=\"column\">\n\t\t\t<div class=\"elementor-widget-wrap elementor-element-populated\">\n\t\t\t\t\t\t\t\t<div class=\"elementor-element elementor-element-c6d40d8 elementor-widget elementor-widget-heading\" data-id=\"c6d40d8\" data-element_type=\"widget\" data-widget_type=\"heading.default\">\n\t\t\t\t<div class=\"elementor-widget-container\">\n\t\t\t<h2 class=\"elementor-heading-title elementor-size-default\">Pedagogiczny dla nauczycieli praktycznej nauki zawodu<\/h2>\t\t<\/div>\n\t\t\t\t<\/div>\n\t\t\t\t<div class=\"elementor-element elementor-element-97dfed3 elementor-widget elementor-widget-heading\" data-id=\"97dfed3\" data-element_type=\"widget\" data-widget_type=\"heading.default\">\n\t\t\t\t<div class=\"elementor-widget-container\">\n\t\t\t<h5 class=\"elementor-heading-title elementor-size-default\">Adresaci: Czynni zawodowo nauczyciele<\/h5>\t\t<\/div>\n\t\t\t\t<\/div>\n\t\t\t\t\t<\/div>\n\t\t<\/div>\n\t\t\t\t<div class=\"elementor-column elementor-col-50 elementor-inner-column elementor-element elementor-element-673582c\" data-id=\"673582c\" data-element_type=\"column\">\n\t\t\t<div class=\"elementor-widget-wrap elementor-element-populated\">\n\t\t\t\t\t\t\t\t<div class=\"elementor-element elementor-element-a939780 elementor-widget elementor-widget-text-editor\" data-id=\"a939780\" data-element_type=\"widget\" data-widget_type=\"text-editor.default\">\n\t\t\t\t<div class=\"elementor-widget-container\">\n\t\t\t\t\t\t\t<p>800 z\u0142<\/p>\t\t\t\t\t\t<\/div>\n\t\t\t\t<\/div>\n\t\t\t\t\t<\/div>\n\t\t<\/div>\n\t\t\t\t\t\t\t<\/div>\n\t\t<\/section>\n\t\t\t\t<div class=\"elementor-element elementor-element-3d55aa1 elementor-widget elementor-widget-text-editor\" data-id=\"3d55aa1\" data-element_type=\"widget\" data-widget_type=\"text-editor.default\">\n\t\t\t\t<div class=\"elementor-widget-container\">\n\t\t\t\t\t\t\t<div align=\"justify\">\n<p><b>Cele i zadania kursu:<\/b><\/p>\n<div align=\"justify\">\n<ul>\n<li>Przekazanie s\u0142uchaczowi znaczenia i zakresu poj\u0119\u0107, kt\u00f3re umo\u017cliwi\u0105 mu zrozumienie spo\u0142\u0119cznego sensu edukacji,<\/li>\n<li>Ukierunkowanie i wzbogacenie rozumienia zdarze\u0144 dydaktycznych i wychowawczych, wytworzenie umiej\u0119tno\u015bci interpretowania ich z pozycji uczni\u00f3w,<\/li>\n<li>Dostarczenie wiedzy o wp\u0142ywie do\u015bwiadcze\u0144 szkolnych ucznia na kszta\u0142towanie si\u0119 jego osobowo\u015bci,<\/li>\n<li>Przygotowanie s\u0142uchacza do w\u0142a\u015bciwej organizacji procesu kszta\u0142cenia,<\/li>\n<li>Wytworzenie umiej\u0119tno\u015bci planowania i organizowania pracy dydaktycznej i wychowawczej w szkole.<\/li><\/ul><\/div>\n<div align=\"left\"><b>Zakres programowy:<\/b><\/div>\n<ul>\n<li><span style=\"font-size: small;\">Metodyka nauczania praktycznej nauki zawodu<\/span><\/li>\n<li><span style=\"font-size: small;\">Podstawy wiedzy o nauczaniu i wychowaniu<\/span><\/li>\n<\/ul>\n<p><b>Czas trwania:<\/b> 150 godz. (2 semestry)<\/p>\n<p><b>Odp\u0142atno\u015b\u0107:<\/b> 800 z\u0142. (za ca\u0142o\u015b\u0107)- p\u0142atne w miesi\u0119cznych ratach<\/p>\n<\/div>\t\t\t\t\t\t<\/div>\n\t\t\t\t<\/div>\n\t\t\t\t<div class=\"elementor-element elementor-element-ba2ece1 elementor-align-left elementor-widget elementor-widget-button\" data-id=\"ba2ece1\" data-element_type=\"widget\" data-widget_type=\"button.default\">\n\t\t\t\t<div class=\"elementor-widget-container\">\n\t\t\t\t\t<div class=\"elementor-button-wrapper\">\n\t\t\t<a class=\"elementor-button elementor-button-link elementor-size-sm\" href=\"https:\/\/sdk.edu.pl\/index.php\/zapisz-sie-na-kurs\/\">\n\t\t\t\t\t\t<span class=\"elementor-button-content-wrapper\">\n\t\t\t\t\t\t<span class=\"elementor-button-text\">ZAPISZ SIE NA KURS<\/span>\n\t\t<\/span>\n\t\t\t\t\t<\/a>\n\t\t<\/div>\n\t\t\t\t<\/div>\n\t\t\t\t<\/div>\n\t\t\t\t\t<\/div>\n\t\t<\/div>\n\t\t\t\t\t\t\t<\/div>\n\t\t<\/section>\n\t\t\t\t\t\t\t<\/div>\n\t\t","protected":false},"excerpt":{"rendered":"<p>Pedagogiczny dla nauczycieli praktycznej nauki zawodu Adresaci: Czynni zawodowo nauczyciele 800 z\u0142 Cele i zadania kursu: Przekazanie s\u0142uchaczowi znaczenia i zakresu poj\u0119\u0107, kt\u00f3re umo\u017cliwi\u0105 mu zrozumienie spo\u0142\u0119cznego sensu edukacji, Ukierunkowanie i wzbogacenie rozumienia zdarze\u0144 dydaktycznych i wychowawczych, wytworzenie umiej\u0119tno\u015bci interpretowania ich z pozycji uczni\u00f3w, Dostarczenie wiedzy o wp\u0142ywie do\u015bwiadcze\u0144 szkolnych ucznia na kszta\u0142towanie si\u0119 jego [&hellip;]<\/p>\n","protected":false},"author":1,"featured_media":0,"parent":0,"menu_order":0,"comment_status":"closed","ping_status":"closed","template":"elementor_header_footer","meta":[],"_links":{"self":[{"href":"https:\/\/sdk.edu.pl\/index.php\/wp-json\/wp\/v2\/pages\/2045"}],"collection":[{"href":"https:\/\/sdk.edu.pl\/index.php\/wp-json\/wp\/v2\/pages"}],"about":[{"href":"https:\/\/sdk.edu.pl\/index.php\/wp-json\/wp\/v2\/types\/page"}],"author":[{"embeddable":true,"href":"https:\/\/sdk.edu.pl\/index.php\/wp-json\/wp\/v2\/users\/1"}],"replies":[{"embeddable":true,"href":"https:\/\/sdk.edu.pl\/index.php\/wp-json\/wp\/v2\/comments?post=2045"}],"version-history":[{"count":14,"href":"https:\/\/sdk.edu.pl\/index.php\/wp-json\/wp\/v2\/pages\/2045\/revisions"}],"predecessor-version":[{"id":3048,"href":"https:\/\/sdk.edu.pl\/index.php\/wp-json\/wp\/v2\/pages\/2045\/revisions\/3048"}],"wp:attachment":[{"href":"https:\/\/sdk.edu.pl\/index.php\/wp-json\/wp\/v2\/media?parent=2045"}],"curies":[{"name":"wp","href":"https:\/\/api.w.org\/{rel}","templated":true}]}}