{"id":2011,"date":"2021-03-17T11:39:16","date_gmt":"2021-03-17T11:39:16","guid":{"rendered":"http:\/\/sdk.edu.pl\/?page_id=2011"},"modified":"2026-02-19T13:06:02","modified_gmt":"2026-02-19T13:06:02","slug":"organizacja-wypoczynku-dla-dzieci-i-mlodziezy","status":"publish","type":"page","link":"https:\/\/sdk.edu.pl\/index.php\/organizacja-wypoczynku-dla-dzieci-i-mlodziezy\/","title":{"rendered":"Organizacja wypoczynku dla dzieci i m\u0142odzie\u017cy"},"content":{"rendered":"\t\t<div data-elementor-type=\"wp-post\" data-elementor-id=\"2011\" class=\"elementor elementor-2011\">\n\t\t\t\t\t\t\t\t\t<section class=\"elementor-section elementor-top-section elementor-element elementor-element-247ac1f elementor-section-boxed elementor-section-height-default elementor-section-height-default\" data-id=\"247ac1f\" data-element_type=\"section\">\n\t\t\t\t\t\t<div class=\"elementor-container elementor-column-gap-default\">\n\t\t\t\t\t<div class=\"elementor-column elementor-col-100 elementor-top-column elementor-element elementor-element-384d5e4\" data-id=\"384d5e4\" data-element_type=\"column\">\n\t\t\t<div class=\"elementor-widget-wrap elementor-element-populated\">\n\t\t\t\t\t\t\t\t<section class=\"elementor-section elementor-inner-section elementor-element elementor-element-f264130 elementor-section-full_width elementor-section-content-top elementor-section-height-default elementor-section-height-default\" data-id=\"f264130\" data-element_type=\"section\">\n\t\t\t\t\t\t<div class=\"elementor-container elementor-column-gap-no\">\n\t\t\t\t\t<div class=\"elementor-column elementor-col-50 elementor-inner-column elementor-element elementor-element-c09dc10\" data-id=\"c09dc10\" data-element_type=\"column\">\n\t\t\t<div class=\"elementor-widget-wrap elementor-element-populated\">\n\t\t\t\t\t\t\t\t<div class=\"elementor-element elementor-element-c6d40d8 elementor-widget elementor-widget-heading\" data-id=\"c6d40d8\" data-element_type=\"widget\" data-widget_type=\"heading.default\">\n\t\t\t\t<div class=\"elementor-widget-container\">\n\t\t\t<h2 class=\"elementor-heading-title elementor-size-default\">Organizacja wypoczynku dla dzieci i m\u0142odzie\u017cy<\/h2>\t\t<\/div>\n\t\t\t\t<\/div>\n\t\t\t\t<div class=\"elementor-element elementor-element-2f026ed elementor-align-left elementor-widget elementor-widget-button\" data-id=\"2f026ed\" data-element_type=\"widget\" data-widget_type=\"button.default\">\n\t\t\t\t<div class=\"elementor-widget-container\">\n\t\t\t\t\t<div class=\"elementor-button-wrapper\">\n\t\t\t<a class=\"elementor-button elementor-button-link elementor-size-sm\" href=\"https:\/\/sdk.edu.pl\/index.php\/zapisz-sie-na-szkolenie\/\">\n\t\t\t\t\t\t<span class=\"elementor-button-content-wrapper\">\n\t\t\t\t\t\t<span class=\"elementor-button-text\">ZAPISZ SIE NA SZKOLENIE<\/span>\n\t\t<\/span>\n\t\t\t\t\t<\/a>\n\t\t<\/div>\n\t\t\t\t<\/div>\n\t\t\t\t<\/div>\n\t\t\t\t\t<\/div>\n\t\t<\/div>\n\t\t\t\t<div class=\"elementor-column elementor-col-50 elementor-inner-column elementor-element elementor-element-673582c\" data-id=\"673582c\" data-element_type=\"column\">\n\t\t\t<div class=\"elementor-widget-wrap elementor-element-populated\">\n\t\t\t\t\t\t\t\t<div class=\"elementor-element elementor-element-a939780 elementor-widget elementor-widget-text-editor\" data-id=\"a939780\" data-element_type=\"widget\" data-widget_type=\"text-editor.default\">\n\t\t\t\t<div class=\"elementor-widget-container\">\n\t\t\t\t\t\t\t<p>110 z\u0142 \/ h<br \/>6 z\u0142 \/ h dla grupy 20 os.<\/p>\t\t\t\t\t\t<\/div>\n\t\t\t\t<\/div>\n\t\t\t\t\t<\/div>\n\t\t<\/div>\n\t\t\t\t\t\t\t<\/div>\n\t\t<\/section>\n\t\t\t\t<div class=\"elementor-element elementor-element-3d55aa1 elementor-widget elementor-widget-text-editor\" data-id=\"3d55aa1\" data-element_type=\"widget\" data-widget_type=\"text-editor.default\">\n\t\t\t\t<div class=\"elementor-widget-container\">\n\t\t\t\t\t\t\t<center><center><p>\u00a0<\/p><div align=\"center\"><p><i><u>Kurs na wychowawc\u0119 wypoczynku<\/u><\/i><\/p><div align=\"left\"><p><b>Program kursu: <\/b><\/p><div align=\"left\"><ul><li>Organizacja wypoczynku dzieci i m\u0142odzie\u017cy<\/li><li>Organizacja zaj\u0119\u0107 w czasie trwania wypoczynku<\/li><li>Planowanie pracy opieku\u0144czej, wychowawczej i edukacyjnej<\/li><li>Ruch i rekreacja<\/li><li>Turystyka i krajoznawstwo<\/li><li>Zaj\u0119cia kulturalno &#8211; o\u015bwiatowe<\/li><li>Zaj\u0119cia praktyczno &#8211; techniczne<\/li><li>Prace spo\u0142ecznie u\u017cyteczne<\/li><li>Bezpiecze\u0144stwo \u017cycia i zdrowia uczestnik\u00f3w wypoczynku<\/li><\/ul><\/div><\/div><p><strong><br \/><b><\/b><\/strong><\/p><div align=\"left\"><p><b>Czas trwania:<\/b> <i>36 godz.<\/i> \u00a0\u00a0 \u00a0 \u00a0\u00a0\u00a0 \u00a0\u00a0\u00a0\u00a0 \u00a0 \u00a0\u00a0\u00a0 \u00a0\u00a0\u00a0\u00a0 \u00a0 \u00a0\u00a0\u00a0 \u00a0\u00a0\u00a0\u00a0 \u00a0 <br \/><b>Odp\u0142atno\u015b\u0107 za szkolenie:<\/b> <i>155 z\u0142\/os.<\/i><\/p><center><u><i>Kurs dla kierownik\u00f3w wycieczek szkolnych<\/i><\/u><\/center><p>\u00a0<\/p><div align=\"left\"><p><b>Program kursu: <\/b><\/p><ul><li>Przepisy z zakresu bezpiecze\u0144stwa<\/li><li>Projektowanie wycieczki<\/li><li>Organizacja wycieczki<\/li><\/ul><\/div><\/div><p><strong><br \/><b><\/b><\/strong><\/p><div align=\"left\"><p><b>Czas trwania:<\/b> <i>10 godz.<\/i>\u00a0\u00a0 \u00a0\u00a0\u00a0 \u00a0\u00a0\u00a0\u00a0 \u00a0\u00a0\u00a0 \u00a0\u00a0\u00a0\u00a0 \u00a0\u00a0\u00a0\u00a0 \u00a0\u00a0\u00a0\u00a0 \u00a0\u00a0\u00a0 \u00a0\u00a0\u00a0\u00a0 \u00a0 <b><br \/>Odp\u0142atno\u015b\u0107 za szkolenie:<\/b> <i>70 z\u0142\/os.<\/i><\/p><center><u><i>Kurs na kierownika wypoczynku<\/i><\/u><\/center><b><br \/>Program kursu: <\/b><p>\u00a0<\/p><ul><li>Planowanie pracy wychowawczej<\/li><li>Organizacja wypoczynku dzieci i m\u0142odzie\u017cy<\/li><li>Bezpiecze\u0144stwo \u017cycia i zdrowia uczestnik\u00f3w wypoczynku<\/li><li>Organizacja pracy kierownika wypoczynku z kadr\u0105 wypoczyknu <br \/>oraz z pracownikami administracyjnymi, elementy zarz\u0105dzania kryzysowego<\/li><li>Prowadzenie dokumentacji wypoczynku (przepisy obowi\u0105zuj\u0105ce)<\/li><\/ul><\/div><\/div><p><strong><b>\u00a0<\/b><\/strong><\/p><div align=\"left\"><p><b>Czas trwania:<\/b> <i>10 godz.<\/i>\u00a0\u00a0 \u00a0\u00a0 \u00a0\u00a0\u00a0 \u00a0\u00a0\u00a0\u00a0 \u00a0\u00a0\u00a0 \u00a0\u00a0 \u00a0\u00a0\u00a0 \u00a0\u00a0\u00a0\u00a0 \u00a0 \u00a0\u00a0\u00a0 \u00a0\u00a0\u00a0\u00a0 \u00a0 <br \/><b>Odp\u0142atno\u015b\u0107 za szkolenie:<\/b> <i>80 z\u0142\/os.<\/i><\/p><\/div><\/center><\/center>\t\t\t\t\t\t<\/div>\n\t\t\t\t<\/div>\n\t\t\t\t<div class=\"elementor-element elementor-element-ba2ece1 elementor-align-left elementor-widget elementor-widget-button\" data-id=\"ba2ece1\" data-element_type=\"widget\" data-widget_type=\"button.default\">\n\t\t\t\t<div class=\"elementor-widget-container\">\n\t\t\t\t\t<div class=\"elementor-button-wrapper\">\n\t\t\t<a class=\"elementor-button elementor-button-link elementor-size-sm\" href=\"https:\/\/sdk.edu.pl\/index.php\/zapisz-sie-na-szkolenie\/\">\n\t\t\t\t\t\t<span class=\"elementor-button-content-wrapper\">\n\t\t\t\t\t\t<span class=\"elementor-button-text\">ZAPISZ SIE NA SZKOLENIE<\/span>\n\t\t<\/span>\n\t\t\t\t\t<\/a>\n\t\t<\/div>\n\t\t\t\t<\/div>\n\t\t\t\t<\/div>\n\t\t\t\t\t<\/div>\n\t\t<\/div>\n\t\t\t\t\t\t\t<\/div>\n\t\t<\/section>\n\t\t\t\t\t\t\t<\/div>\n\t\t","protected":false},"excerpt":{"rendered":"<p>Organizacja wypoczynku dla dzieci i m\u0142odzie\u017cy ZAPISZ SIE NA SZKOLENIE 110 z\u0142 \/ h6 z\u0142 \/ h dla grupy 20 os. \u00a0 Kurs na wychowawc\u0119 wypoczynku Program kursu: Organizacja wypoczynku dzieci i m\u0142odzie\u017cy Organizacja zaj\u0119\u0107 w czasie trwania wypoczynku Planowanie pracy opieku\u0144czej, wychowawczej i edukacyjnej Ruch i rekreacja Turystyka i krajoznawstwo Zaj\u0119cia kulturalno &#8211; o\u015bwiatowe [&hellip;]<\/p>\n","protected":false},"author":1,"featured_media":0,"parent":0,"menu_order":0,"comment_status":"closed","ping_status":"closed","template":"elementor_header_footer","meta":[],"_links":{"self":[{"href":"https:\/\/sdk.edu.pl\/index.php\/wp-json\/wp\/v2\/pages\/2011"}],"collection":[{"href":"https:\/\/sdk.edu.pl\/index.php\/wp-json\/wp\/v2\/pages"}],"about":[{"href":"https:\/\/sdk.edu.pl\/index.php\/wp-json\/wp\/v2\/types\/page"}],"author":[{"embeddable":true,"href":"https:\/\/sdk.edu.pl\/index.php\/wp-json\/wp\/v2\/users\/1"}],"replies":[{"embeddable":true,"href":"https:\/\/sdk.edu.pl\/index.php\/wp-json\/wp\/v2\/comments?post=2011"}],"version-history":[{"count":11,"href":"https:\/\/sdk.edu.pl\/index.php\/wp-json\/wp\/v2\/pages\/2011\/revisions"}],"predecessor-version":[{"id":3091,"href":"https:\/\/sdk.edu.pl\/index.php\/wp-json\/wp\/v2\/pages\/2011\/revisions\/3091"}],"wp:attachment":[{"href":"https:\/\/sdk.edu.pl\/index.php\/wp-json\/wp\/v2\/media?parent=2011"}],"curies":[{"name":"wp","href":"https:\/\/api.w.org\/{rel}","templated":true}]}}