{"id":2001,"date":"2021-03-17T11:35:07","date_gmt":"2021-03-17T11:35:07","guid":{"rendered":"http:\/\/sdk.edu.pl\/?page_id=2001"},"modified":"2026-02-19T13:05:34","modified_gmt":"2026-02-19T13:05:34","slug":"kursy-komputerowe","status":"publish","type":"page","link":"https:\/\/sdk.edu.pl\/index.php\/kursy-komputerowe\/","title":{"rendered":"Kursy komputerowe"},"content":{"rendered":"\t\t<div data-elementor-type=\"wp-post\" data-elementor-id=\"2001\" class=\"elementor elementor-2001\">\n\t\t\t\t\t\t\t\t\t<section class=\"elementor-section elementor-top-section elementor-element elementor-element-247ac1f elementor-section-boxed elementor-section-height-default elementor-section-height-default\" data-id=\"247ac1f\" data-element_type=\"section\">\n\t\t\t\t\t\t<div class=\"elementor-container elementor-column-gap-default\">\n\t\t\t\t\t<div class=\"elementor-column elementor-col-100 elementor-top-column elementor-element elementor-element-384d5e4\" data-id=\"384d5e4\" data-element_type=\"column\">\n\t\t\t<div class=\"elementor-widget-wrap elementor-element-populated\">\n\t\t\t\t\t\t\t\t<section class=\"elementor-section elementor-inner-section elementor-element elementor-element-f264130 elementor-section-full_width elementor-section-content-top elementor-section-height-default elementor-section-height-default\" data-id=\"f264130\" data-element_type=\"section\">\n\t\t\t\t\t\t<div class=\"elementor-container elementor-column-gap-no\">\n\t\t\t\t\t<div class=\"elementor-column elementor-col-50 elementor-inner-column elementor-element elementor-element-c09dc10\" data-id=\"c09dc10\" data-element_type=\"column\">\n\t\t\t<div class=\"elementor-widget-wrap elementor-element-populated\">\n\t\t\t\t\t\t\t\t<div class=\"elementor-element elementor-element-c6d40d8 elementor-widget elementor-widget-heading\" data-id=\"c6d40d8\" data-element_type=\"widget\" data-widget_type=\"heading.default\">\n\t\t\t\t<div class=\"elementor-widget-container\">\n\t\t\t<h2 class=\"elementor-heading-title elementor-size-default\">Kursy komputerowe<\/h2>\t\t<\/div>\n\t\t\t\t<\/div>\n\t\t\t\t<div class=\"elementor-element elementor-element-2f026ed elementor-align-left elementor-widget elementor-widget-button\" data-id=\"2f026ed\" data-element_type=\"widget\" data-widget_type=\"button.default\">\n\t\t\t\t<div class=\"elementor-widget-container\">\n\t\t\t\t\t<div class=\"elementor-button-wrapper\">\n\t\t\t<a class=\"elementor-button elementor-button-link elementor-size-sm\" href=\"https:\/\/sdk.edu.pl\/index.php\/zapisz-sie-na-szkolenie\/\">\n\t\t\t\t\t\t<span class=\"elementor-button-content-wrapper\">\n\t\t\t\t\t\t<span class=\"elementor-button-text\">ZAPISZ SIE NA SZKOLENIE<\/span>\n\t\t<\/span>\n\t\t\t\t\t<\/a>\n\t\t<\/div>\n\t\t\t\t<\/div>\n\t\t\t\t<\/div>\n\t\t\t\t\t<\/div>\n\t\t<\/div>\n\t\t\t\t<div class=\"elementor-column elementor-col-50 elementor-inner-column elementor-element elementor-element-673582c\" data-id=\"673582c\" data-element_type=\"column\">\n\t\t\t<div class=\"elementor-widget-wrap elementor-element-populated\">\n\t\t\t\t\t\t\t\t<div class=\"elementor-element elementor-element-a939780 elementor-widget elementor-widget-text-editor\" data-id=\"a939780\" data-element_type=\"widget\" data-widget_type=\"text-editor.default\">\n\t\t\t\t<div class=\"elementor-widget-container\">\n\t\t\t\t\t\t\t<p>110 z\u0142 \/ h<br \/>6 z\u0142 \/ h dla grupy 20 os.<\/p>\t\t\t\t\t\t<\/div>\n\t\t\t\t<\/div>\n\t\t\t\t\t<\/div>\n\t\t<\/div>\n\t\t\t\t\t\t\t<\/div>\n\t\t<\/section>\n\t\t\t\t<div class=\"elementor-element elementor-element-3d55aa1 elementor-widget elementor-widget-text-editor\" data-id=\"3d55aa1\" data-element_type=\"widget\" data-widget_type=\"text-editor.default\">\n\t\t\t\t<div class=\"elementor-widget-container\">\n\t\t\t\t\t\t\t<center><center>Tworzenie i publikowanie stron WWW w j\u0119zyku HTML<\/center><div align=\"left\"><br \/><b>Program kursu:<\/b><ul><li>Szkielet strony<\/li><li>Znaczniki i formatowanie tekstu na stronie internetowej<\/li><li>Atrybuty znacznika &lt;BODY&gt;<\/li><li>Wstawianie grafiki i tabel<\/li><li>Odsy\u0142acze czyli hiper\u0142\u0105cza<\/li><\/ul><\/div><br \/><b>Czas trwania:<\/b> 25 godz.<div align=\"right\"><b>Odp\u0142atno\u015b\u0107:<\/b> 150 z\u0142\/os.<\/div><p>\u00a0<\/p><p>\u00a0<\/p><hr \/><center><u><b>Podstawy obs\u0142ugi komputera <\/b><\/u><\/center><div align=\"left\"><br \/><b>Program kursu:<\/b><ul><li>Podstawy obs\u0142ugi systemu Windows<\/li><li>Obs\u0142uga edytora tekstu<\/li><li>Podstawy pracy w Internecie<\/li><li>Praca z programami multimedialnymi<\/li><\/ul><\/div><br \/><p align=\"left\"><b>Czas trwania:<\/b> 25 godz.<\/p><p align=\"right\"><b>Odp\u0142atno\u015b\u0107:<\/b> 150 z\u0142\/os.<\/p><p>\u00a0<\/p><hr \/><center><u><b>Komputer narz\u0119dziem pracy nauczyciela <\/b><\/u><\/center><div align=\"left\"><br \/><b>Program kursu:<\/b><ul><li>Elementy systemu komputerowego<\/li><li>System operacyjny Windows<\/li><li>Program graficzny PAINT<\/li><li>Edytor tekstu MS WORD<\/li><li>Arkusz kalkulacyjny MS EXCEL<\/li><li>Internet<\/li><li>Programy edukacyjne i multimedialne<\/li><li>Wirusy komputerowe i ochrona antywirusowa<\/li><\/ul><\/div><p align=\"left\"><b>Czas trwania:<\/b> 40 godz.<\/p><p align=\"right\"><b>Odp\u0142atno\u015b\u0107:<\/b> 200 z\u0142\/os. <\/p><p>\u00a0<\/p><hr \/><center>Internet \u017ar\u00f3d\u0142em informacji edukacyjnej<\/center><div align=\"left\"><br \/><b>Program kursu:<\/b><ul><li>Us\u0142ugi internetowe<\/li><li>Komputer zagro\u017ceniem dla dzieci i m\u0142odzie\u017cy<\/li><li>Technologie informacyjne i komunikacyjne w nowoczesnej szkole<\/li><\/ul><\/div><p align=\"left\"><b>Czas trwania:<\/b> 25 godz.<\/p><p align=\"right\"><b>Odp\u0142atno\u015b\u0107: <\/b>150 z\u0142\/os. <\/p><p>\u00a0<\/p><hr \/><center><u><b>Arkusz kalkulacyjny w pracy edukacyjnej nauczyciela (MS Excel) <\/b><\/u><\/center><div align=\"left\"><br \/><b>Program kursu:<\/b><ul><li>Edycja i formatowanie kom\u00f3rek<\/li><li>Podstawowe funkcje w MS Excelu<\/li><li>Adresowanie wzgl\u0119dne i bezwzgl\u0119dne<\/li><li>Wykresy<\/li><li>Zaawansowane funkcje w arkuszu<\/li><li>Zastosowanie arkusza do pracy nauczyciela<\/li><\/ul><\/div><p align=\"left\"><b>Czas trwania:<\/b> 15 godz.<\/p><p align=\"right\"><b>Odp\u0142atno\u015b\u0107 za szkolenie RP:<\/b> 200 z\u0142\/godz. <\/p><p>\u00a0<\/p><hr \/><center>Nowoczesne \u015brodki technologii informacyjnej <br \/>w nauczaniu zintegrowanym<\/center><div align=\"left\"><br \/><b>Program kursu:<\/b><ul><li>Elementy systemu komputerowego<\/li><li>System operacyjny Windows (98, ME, XP)<\/li><li>Program graficzny PAINT<\/li><li>Edytor tekstu (Word Pad, MS Word, Works)<\/li><li>Internet<\/li><li>Programy edukacyjne i multimedialne<\/li><\/ul><\/div><p align=\"left\"><b>Czas trwania:<\/b> 25 godz.<\/p><p align=\"right\"><b>Odp\u0142atno\u015b\u0107:<\/b> 150 z\u0142\/os. <\/p><p>\u00a0<\/p><hr \/><center>Tworzenie materia\u0142\u00f3w prezentacyjnych. Wykorzystanie \u015brodk\u00f3w <br \/>i narz\u0119dzi Technologii Informacyjnych<\/center><div align=\"left\"><br \/><b>Program kursu:<\/b><ul><li>Dokumentowanie wydarze\u0144 klasowych, szkolnych i \u015brodowiskowych z wykorzystaniem program\u00f3w komputerowych (Microsoft Office 2007)<\/li><li>Sk\u0142ad i redagowanie gazetki szkolnej, opracowanie broszur, zaprosze\u0144 itp.<\/li><li>Przetwarzanie obiekt\u00f3w graficznych i multimedialnych<\/li><\/ul><p align=\"left\"><b>Czas trwania:<\/b> 16 godz.<\/p><p align=\"right\"><b>Zg\u0142oszenia indywidualne:<\/b> 75 z\u0142\/os.<\/p><\/div><\/center>\t\t\t\t\t\t<\/div>\n\t\t\t\t<\/div>\n\t\t\t\t<div class=\"elementor-element elementor-element-ba2ece1 elementor-align-left elementor-widget elementor-widget-button\" data-id=\"ba2ece1\" data-element_type=\"widget\" data-widget_type=\"button.default\">\n\t\t\t\t<div class=\"elementor-widget-container\">\n\t\t\t\t\t<div class=\"elementor-button-wrapper\">\n\t\t\t<a class=\"elementor-button elementor-button-link elementor-size-sm\" href=\"https:\/\/sdk.edu.pl\/index.php\/zapisz-sie-na-szkolenie\/\">\n\t\t\t\t\t\t<span class=\"elementor-button-content-wrapper\">\n\t\t\t\t\t\t<span class=\"elementor-button-text\">ZAPISZ SIE NA SZKOLENIE<\/span>\n\t\t<\/span>\n\t\t\t\t\t<\/a>\n\t\t<\/div>\n\t\t\t\t<\/div>\n\t\t\t\t<\/div>\n\t\t\t\t\t<\/div>\n\t\t<\/div>\n\t\t\t\t\t\t\t<\/div>\n\t\t<\/section>\n\t\t\t\t\t\t\t<\/div>\n\t\t","protected":false},"excerpt":{"rendered":"<p>Kursy komputerowe ZAPISZ SIE NA SZKOLENIE 110 z\u0142 \/ h6 z\u0142 \/ h dla grupy 20 os. Tworzenie i publikowanie stron WWW w j\u0119zyku HTMLProgram kursu: Szkielet strony Znaczniki i formatowanie tekstu na stronie internetowej Atrybuty znacznika &lt;BODY&gt; Wstawianie grafiki i tabel Odsy\u0142acze czyli hiper\u0142\u0105cza Czas trwania: 25 godz.Odp\u0142atno\u015b\u0107: 150 z\u0142\/os. \u00a0 \u00a0 Podstawy obs\u0142ugi [&hellip;]<\/p>\n","protected":false},"author":1,"featured_media":0,"parent":0,"menu_order":0,"comment_status":"closed","ping_status":"closed","template":"elementor_header_footer","meta":[],"_links":{"self":[{"href":"https:\/\/sdk.edu.pl\/index.php\/wp-json\/wp\/v2\/pages\/2001"}],"collection":[{"href":"https:\/\/sdk.edu.pl\/index.php\/wp-json\/wp\/v2\/pages"}],"about":[{"href":"https:\/\/sdk.edu.pl\/index.php\/wp-json\/wp\/v2\/types\/page"}],"author":[{"embeddable":true,"href":"https:\/\/sdk.edu.pl\/index.php\/wp-json\/wp\/v2\/users\/1"}],"replies":[{"embeddable":true,"href":"https:\/\/sdk.edu.pl\/index.php\/wp-json\/wp\/v2\/comments?post=2001"}],"version-history":[{"count":8,"href":"https:\/\/sdk.edu.pl\/index.php\/wp-json\/wp\/v2\/pages\/2001\/revisions"}],"predecessor-version":[{"id":3088,"href":"https:\/\/sdk.edu.pl\/index.php\/wp-json\/wp\/v2\/pages\/2001\/revisions\/3088"}],"wp:attachment":[{"href":"https:\/\/sdk.edu.pl\/index.php\/wp-json\/wp\/v2\/media?parent=2001"}],"curies":[{"name":"wp","href":"https:\/\/api.w.org\/{rel}","templated":true}]}}