{"id":1992,"date":"2021-03-17T11:31:50","date_gmt":"2021-03-17T11:31:50","guid":{"rendered":"http:\/\/sdk.edu.pl\/?page_id=1992"},"modified":"2026-02-19T13:05:13","modified_gmt":"2026-02-19T13:05:13","slug":"kursy-z-zakresu-awansu-zawodowego","status":"publish","type":"page","link":"https:\/\/sdk.edu.pl\/index.php\/kursy-z-zakresu-awansu-zawodowego\/","title":{"rendered":"Kursy z zakresu awansu zawodowego"},"content":{"rendered":"\t\t<div data-elementor-type=\"wp-post\" data-elementor-id=\"1992\" class=\"elementor elementor-1992\">\n\t\t\t\t\t\t\t\t\t<section class=\"elementor-section elementor-top-section elementor-element elementor-element-247ac1f elementor-section-boxed elementor-section-height-default elementor-section-height-default\" data-id=\"247ac1f\" data-element_type=\"section\">\n\t\t\t\t\t\t<div class=\"elementor-container elementor-column-gap-default\">\n\t\t\t\t\t<div class=\"elementor-column elementor-col-100 elementor-top-column elementor-element elementor-element-384d5e4\" data-id=\"384d5e4\" data-element_type=\"column\">\n\t\t\t<div class=\"elementor-widget-wrap elementor-element-populated\">\n\t\t\t\t\t\t\t\t<section class=\"elementor-section elementor-inner-section elementor-element elementor-element-f264130 elementor-section-full_width elementor-section-content-top elementor-section-height-default elementor-section-height-default\" data-id=\"f264130\" data-element_type=\"section\">\n\t\t\t\t\t\t<div class=\"elementor-container elementor-column-gap-no\">\n\t\t\t\t\t<div class=\"elementor-column elementor-col-50 elementor-inner-column elementor-element elementor-element-c09dc10\" data-id=\"c09dc10\" data-element_type=\"column\">\n\t\t\t<div class=\"elementor-widget-wrap elementor-element-populated\">\n\t\t\t\t\t\t\t\t<div class=\"elementor-element elementor-element-c6d40d8 elementor-widget elementor-widget-heading\" data-id=\"c6d40d8\" data-element_type=\"widget\" data-widget_type=\"heading.default\">\n\t\t\t\t<div class=\"elementor-widget-container\">\n\t\t\t<h2 class=\"elementor-heading-title elementor-size-default\">Kursy z zakresu awansu zawodowego<\/h2>\t\t<\/div>\n\t\t\t\t<\/div>\n\t\t\t\t<div class=\"elementor-element elementor-element-2f026ed elementor-align-left elementor-widget elementor-widget-button\" data-id=\"2f026ed\" data-element_type=\"widget\" data-widget_type=\"button.default\">\n\t\t\t\t<div class=\"elementor-widget-container\">\n\t\t\t\t\t<div class=\"elementor-button-wrapper\">\n\t\t\t<a class=\"elementor-button elementor-button-link elementor-size-sm\" href=\"https:\/\/sdk.edu.pl\/index.php\/zapisz-sie-na-szkolenie\/\">\n\t\t\t\t\t\t<span class=\"elementor-button-content-wrapper\">\n\t\t\t\t\t\t<span class=\"elementor-button-text\">ZAPISZ SIE NA SZKOLENIE<\/span>\n\t\t<\/span>\n\t\t\t\t\t<\/a>\n\t\t<\/div>\n\t\t\t\t<\/div>\n\t\t\t\t<\/div>\n\t\t\t\t\t<\/div>\n\t\t<\/div>\n\t\t\t\t<div class=\"elementor-column elementor-col-50 elementor-inner-column elementor-element elementor-element-673582c\" data-id=\"673582c\" data-element_type=\"column\">\n\t\t\t<div class=\"elementor-widget-wrap elementor-element-populated\">\n\t\t\t\t\t\t\t\t<div class=\"elementor-element elementor-element-a939780 elementor-widget elementor-widget-text-editor\" data-id=\"a939780\" data-element_type=\"widget\" data-widget_type=\"text-editor.default\">\n\t\t\t\t<div class=\"elementor-widget-container\">\n\t\t\t\t\t\t\t<p>110 z\u0142 \/ h<br \/>6 z\u0142 \/ h dla grupy 20 os.<\/p>\t\t\t\t\t\t<\/div>\n\t\t\t\t<\/div>\n\t\t\t\t\t<\/div>\n\t\t<\/div>\n\t\t\t\t\t\t\t<\/div>\n\t\t<\/section>\n\t\t\t\t<div class=\"elementor-element elementor-element-3d55aa1 elementor-widget elementor-widget-text-editor\" data-id=\"3d55aa1\" data-element_type=\"widget\" data-widget_type=\"text-editor.default\">\n\t\t\t\t<div class=\"elementor-widget-container\">\n\t\t\t\t\t\t\t<center><center>Jak przygotowa\u0107 dokumentacj\u0119 dla komisji na stopie\u0144 nauczyciela dyplomowanego<\/center><br \/><b>Program kursu: <\/b><ul><li>Rozwijanie umiej\u0119tno\u015bci dokumentowania rozwoju zawodowego nauczyciela mianowanego<\/li><li>Kompletowanie dokumentacji do wniosku o wszcz\u0119cie post\u0119powania kwalifikacyjnego<\/li><\/ul><br \/><b>Czas trwania:<\/b> 5 &#8211; 10 godz.<p>\u00a0<\/p><p>\u00a0<\/p><hr \/><center>Jak zaprezentowa\u0107 sw\u00f3j dorobek zawodowy przed komisj\u0105 egzaminacyjn\u0105?<\/center><br \/><b>Program kursu: <\/b><ul><li>Poszerzenie wiedzy niezb\u0119dnej do przygotowania i przedstawienia prezentacji dorobku zawodowego oraz wymiana do\u015bwiadcze\u0144 na temat koncepcji, tre\u015bci prezentacji<\/li><\/ul><br \/><b>Czas trwania:<\/b> 5 &#8211; 10 godz.<p>\u00a0<\/p><p>\u00a0<\/p><hr \/><center>Start zawodowy nauczyciela<\/center><br \/><b>Program kursu: <\/b><ul><li>Zapoznanie nauczycieli z zasadami skutecznego komunikowania z uczniami<\/li><li>Przybli\u017cenie istoty interakcji wyst\u0119puj\u0105cych podczas pierwszych spotka\u0144 nauczyciela z klas\u0105<\/li><li>Wyposa\u017cenie nauczycieli w umiej\u0119tno\u015b\u0107 skutecznego motywowania uczni\u00f3w<\/li><li>Zapoznanie nauczycieli z zasadami zobiektywizowanego oceniania uczni\u00f3w<\/li><li>Przygotowanie nauczycieli do sporz\u0105dzania planu rozwoju zawodowego<\/li><\/ul><br \/><b>Czas trwania:<\/b> 8 godz.<p>\u00a0<\/p><p>\u00a0<\/p><hr \/><center>Sta\u017cysta w szkole<\/center><br \/><b>Program kursu: <\/b><ul><li>Umiej\u0119tno\u015b\u0107 komunikacji interpersonalnej<\/li><li>Kompetencje zawodowe nauczyciela<\/li><li>Warsztat pracy sta\u017cysty<\/li><li>Samoocena nauczyciela<\/li><\/ul><br \/><b>Czas trwania:<\/b> 30 godz.<p>\u00a0<\/p><p>\u00a0<\/p><hr \/><center>Rozw\u00f3j zawodowy i awans nauczyciela<\/center><br \/><b>Program kursu: <\/b><ul><li>Zapoznanie z elementami prawa o\u015bwiatowego<\/li><li>Prawo pracy<\/li><li>Przygotowanie do samodzielnego opracowania dokumentacji<\/li><li>Sprawozdanie z odbytego sta\u017cu<\/li><li>Analiza dw\u00f3ch przypadk\u00f3w<\/li><li>Dokumentowanie pracy<\/li><\/ul><br \/><b>Czas trwania:<\/b> 30 godz.<p>\u00a0<\/p><p>\u00a0<\/p><hr \/><center>Warsztat pracy opiekuna sta\u017cu<\/center><br \/><b>Program kursu: <\/b><ul><li>Zadania i kompetencje opiekuna sta\u017cu<\/li><li>Prawo o\u015bwiatowe<\/li><li>Dokumentowanie pracy<\/li><li>Praca ze sta\u017cyst\u0105 i nauczycielem kontraktowym<\/li><\/ul><br \/><b>Czas trwania:<\/b> 30 godz.<p>\u00a0<\/p><p>\u00a0<\/p><hr \/><center><b><u>Nauczyciel kontraktowy w szkole<\/u><\/b><\/center><br \/><b>Program kursu: <\/b><ul><li>Komunikacja interpersonalna<\/li><li>Praca z grup\u0105<\/li><li>Prawo o\u015bwiatowe<\/li><li>Kompetencje nauczyciela kontraktowego<\/li><li>Przygotowanie do egzaminu kwalifikacyjnego<\/li><li>Prezentacja i autoprezentacja<\/li><\/ul><br \/><b>Czas trwania:<\/b> 30 godz.<p>\u00a0<\/p><p>\u00a0<\/p><hr \/><center><u><b>Prezentacja i autoprezentacja<br \/>(dla nauczycieli sta\u017cyst\u00f3w i nauczycieli kontraktowych)<\/b><\/u><\/center><br \/><b>Program kursu:<\/b><p>\u00a0<\/p><ul><li>Przygotowanie si\u0119 do wyst\u0105pienia przed komisj\u0105 kwalifikacyjn\u0105 i egzaminacyjn\u0105<\/li><li>Obszar dzia\u0142ania i po\u017c\u0105dane umiej\u0119tno\u015bci nauczyciela w \u015bwietle reformy edukacji<\/li><li>Wykorzystanie teorii refleksyjnego paktyka<\/li><\/ul><br \/><b>Czas trwania:<\/b> 20 godz. <br \/><p>\u00a0<\/p><p>\u00a0<\/p><hr \/><center>Awans zawodowy nauczycieli &#8211; planowanie rozwoju zawodowego nauczycieli<\/center><br \/><b>Program kursu: <\/b><ul><li>Okre\u015blenie zada\u0144 realizowanych w okresie sta\u017cu wynikaj\u0105cych z rozporz\u0105dzenia <br \/>i potrzeb szko\u0142y<\/li><li>Sposoby realizacji zada\u0144 okre\u015blonych w planie rozwoju<\/li><li>Dokumentowanie realizacji planu w \u015bwietle rozporz\u0105dzenia o awansie zawodowym<\/li><li>Sprawozdanie z realizacji planu\/oceny dorobku zawodowego<\/li><li>Przygotowanie wniosku o podj\u0119cie post\u0119powania kwalifikacyjnego\/wgzaminacyjnego<\/li><li>Przygotowanie dokumentacji potwierdzaj\u0105cej realizacje planu rozwoju zawodowego i wymaga\u0144, o kt\u00f3rych mowa w rozporz\u0105dzeniu<\/li><\/ul><br \/><b>Czas trwania:<\/b> 8 godz.<\/center>\t\t\t\t\t\t<\/div>\n\t\t\t\t<\/div>\n\t\t\t\t<div class=\"elementor-element elementor-element-ba2ece1 elementor-align-left elementor-widget elementor-widget-button\" data-id=\"ba2ece1\" data-element_type=\"widget\" data-widget_type=\"button.default\">\n\t\t\t\t<div class=\"elementor-widget-container\">\n\t\t\t\t\t<div class=\"elementor-button-wrapper\">\n\t\t\t<a class=\"elementor-button elementor-button-link elementor-size-sm\" href=\"https:\/\/sdk.edu.pl\/index.php\/zapisz-sie-na-szkolenie\/\">\n\t\t\t\t\t\t<span class=\"elementor-button-content-wrapper\">\n\t\t\t\t\t\t<span class=\"elementor-button-text\">ZAPISZ SIE NA SZKOLENIE<\/span>\n\t\t<\/span>\n\t\t\t\t\t<\/a>\n\t\t<\/div>\n\t\t\t\t<\/div>\n\t\t\t\t<\/div>\n\t\t\t\t\t<\/div>\n\t\t<\/div>\n\t\t\t\t\t\t\t<\/div>\n\t\t<\/section>\n\t\t\t\t\t\t\t<\/div>\n\t\t","protected":false},"excerpt":{"rendered":"<p>Kursy z zakresu awansu zawodowego ZAPISZ SIE NA SZKOLENIE 110 z\u0142 \/ h6 z\u0142 \/ h dla grupy 20 os. Jak przygotowa\u0107 dokumentacj\u0119 dla komisji na stopie\u0144 nauczyciela dyplomowanegoProgram kursu: Rozwijanie umiej\u0119tno\u015bci dokumentowania rozwoju zawodowego nauczyciela mianowanego Kompletowanie dokumentacji do wniosku o wszcz\u0119cie post\u0119powania kwalifikacyjnego Czas trwania: 5 &#8211; 10 godz. \u00a0 \u00a0 Jak zaprezentowa\u0107 [&hellip;]<\/p>\n","protected":false},"author":1,"featured_media":0,"parent":0,"menu_order":0,"comment_status":"closed","ping_status":"closed","template":"elementor_header_footer","meta":[],"_links":{"self":[{"href":"https:\/\/sdk.edu.pl\/index.php\/wp-json\/wp\/v2\/pages\/1992"}],"collection":[{"href":"https:\/\/sdk.edu.pl\/index.php\/wp-json\/wp\/v2\/pages"}],"about":[{"href":"https:\/\/sdk.edu.pl\/index.php\/wp-json\/wp\/v2\/types\/page"}],"author":[{"embeddable":true,"href":"https:\/\/sdk.edu.pl\/index.php\/wp-json\/wp\/v2\/users\/1"}],"replies":[{"embeddable":true,"href":"https:\/\/sdk.edu.pl\/index.php\/wp-json\/wp\/v2\/comments?post=1992"}],"version-history":[{"count":8,"href":"https:\/\/sdk.edu.pl\/index.php\/wp-json\/wp\/v2\/pages\/1992\/revisions"}],"predecessor-version":[{"id":3085,"href":"https:\/\/sdk.edu.pl\/index.php\/wp-json\/wp\/v2\/pages\/1992\/revisions\/3085"}],"wp:attachment":[{"href":"https:\/\/sdk.edu.pl\/index.php\/wp-json\/wp\/v2\/media?parent=1992"}],"curies":[{"name":"wp","href":"https:\/\/api.w.org\/{rel}","templated":true}]}}