{"id":1529,"date":"2021-03-04T09:35:56","date_gmt":"2021-03-04T09:35:56","guid":{"rendered":"http:\/\/sdk.edu.pl\/?page_id=1529"},"modified":"2021-03-12T11:46:29","modified_gmt":"2021-03-12T11:46:29","slug":"zapisz-sie-na-studia","status":"publish","type":"page","link":"https:\/\/sdk.edu.pl\/index.php\/zapisz-sie-na-studia\/","title":{"rendered":"Zapisz si\u0119 na studia!"},"content":{"rendered":"\t\t<div data-elementor-type=\"wp-post\" data-elementor-id=\"1529\" class=\"elementor elementor-1529\">\n\t\t\t\t\t\t\t\t\t<section class=\"elementor-section elementor-top-section elementor-element elementor-element-032fa86 elementor-section-boxed elementor-section-height-default elementor-section-height-default\" data-id=\"032fa86\" data-element_type=\"section\">\n\t\t\t\t\t\t<div class=\"elementor-container elementor-column-gap-default\">\n\t\t\t\t\t<div class=\"elementor-column elementor-col-100 elementor-top-column elementor-element elementor-element-cfd4337\" data-id=\"cfd4337\" data-element_type=\"column\">\n\t\t\t<div class=\"elementor-widget-wrap elementor-element-populated\">\n\t\t\t\t\t\t\t\t<div class=\"elementor-element elementor-element-1fa0a85 elementor-widget elementor-widget-heading\" data-id=\"1fa0a85\" data-element_type=\"widget\" data-widget_type=\"heading.default\">\n\t\t\t\t<div class=\"elementor-widget-container\">\n\t\t\t<h4 class=\"elementor-heading-title elementor-size-default\">Zapisz si\u0119 na studia<\/h4>\t\t<\/div>\n\t\t\t\t<\/div>\n\t\t\t\t<div class=\"elementor-element elementor-element-1943069 elementor-widget elementor-widget-shortcode\" data-id=\"1943069\" data-element_type=\"widget\" data-widget_type=\"shortcode.default\">\n\t\t\t\t<div class=\"elementor-widget-container\">\n\t\t\t\t\t<div class=\"elementor-shortcode\"><div class=\"everest-forms\"><div class=\"evf-container default\" id=\"evf-1487\"><form id=\"evf-form-1487\" class=\"everest-form\" data-formid=\"1487\" data-ajax_submission=\"1\" data-keyboard_friendly_form=\"0\" method=\"post\" enctype=\"multipart\/form-data\" action=\"\/index.php\/wp-json\/wp\/v2\/pages\/1529\"><div class=\"evf-field-container\"><input type=\"hidden\" id=\"_wpnonce1487\" name=\"_wpnonce1487\" value=\"fe12edc52f\" \/><input type=\"hidden\" name=\"_wp_http_referer\" value=\"\/index.php\/wp-json\/wp\/v2\/pages\/1529\" \/><div class=\"evf-frontend-row\" data-row=\"row_1\" conditional_rules=\"[]\"><div class=\"evf-frontend-grid evf-grid-1\" data-grid=\"grid_1\"><div id=\"evf-1487-field_ys0GeZISRs-1-container\" class=\"evf-field evf-field-first-name form-row validate-required\" data-required-field-message=\"Podaj imi\u0119 i nazwisko\" data-field-id=\"ys0GeZISRs-1\"><label class=\"evf-field-label\" for=\"evf-1487-field_ys0GeZISRs-1\"><span class=\"evf-label\">Imi\u0119 \/ imiona<\/span> <abbr class=\"required\" title=\"Required\">*<\/abbr><\/label><input type=\"text\" id=\"evf-1487-field_ys0GeZISRs-1\" class=\"input-text\" name=\"everest_forms[form_fields][ys0GeZISRs-1]\" placeholder=\"Podaj imi\u0119 lub imiona\" required><\/div><div id=\"evf-1487-field_mKeIE6tMJ0-17-container\" class=\"evf-field evf-field-last-name form-row validate-required\" data-required-field-message=\"Podaj nazwisko\" data-field-id=\"mKeIE6tMJ0-17\"><label class=\"evf-field-label\" for=\"evf-1487-field_mKeIE6tMJ0-17\"><span class=\"evf-label\">Nazwisko<\/span> <abbr class=\"required\" title=\"Required\">*<\/abbr><\/label><input type=\"text\" id=\"evf-1487-field_mKeIE6tMJ0-17\" class=\"input-text\" name=\"everest_forms[form_fields][mKeIE6tMJ0-17]\" placeholder=\"Podaj nazwisko\" required><\/div><div id=\"evf-1487-field_2hgcbVpjQS-15-container\" class=\"evf-field evf-field-number form-row validate-required\" data-required-field-message=\"Podaj numer telefonu\" data-field-id=\"2hgcbVpjQS-15\"><label class=\"evf-field-label\" for=\"evf-1487-field_2hgcbVpjQS-15\"><span class=\"evf-label\">Numer telefonu<\/span> <abbr class=\"required\" title=\"Required\">*<\/abbr><\/label><input type=\"number\" id=\"evf-1487-field_2hgcbVpjQS-15\" class=\"input-text\" name=\"everest_forms[form_fields][2hgcbVpjQS-15]\" placeholder=\"Podaj numer telefonu\" step=\"1\" required\/><\/div><div id=\"evf-1487-field_LbH5NxasXM-2-container\" class=\"evf-field evf-field-email form-row validate-required validate-email\" data-required-field-message=\"Podaj e-mail\" data-field-id=\"LbH5NxasXM-2\"><label class=\"evf-field-label\" for=\"evf-1487-field_LbH5NxasXM-2\"><span class=\"evf-label\">Email<\/span> <abbr class=\"required\" title=\"Required\">*<\/abbr><\/label><input type=\"email\" id=\"evf-1487-field_LbH5NxasXM-2\" class=\"input-text\" name=\"everest_forms[form_fields][LbH5NxasXM-2]\" placeholder=\"Podaj e-mail\" required ><\/div><div id=\"evf-1487-field_yU6vluK0wi-14-container\" class=\"evf-field evf-field-radio form-row validate-required\" data-required-field-message=\"To pole jest obowi\u0105zkowe\" data-field-id=\"yU6vluK0wi-14\"><label class=\"evf-field-label\" for=\"evf-1487-field_yU6vluK0wi-14\"><span class=\"evf-label\">Wybierz kierunek!<\/span> <abbr class=\"required\" title=\"Required\">*<\/abbr><\/label><ul id=\"evf-1487-field_yU6vluK0wi-14\" class=\" evf-field-required\"><li class=\"choice-1 depth-1\"><input type=\"radio\" id=\"evf-1487-field_yU6vluK0wi-14_1\" class=\"input-text\" name=\"everest_forms[form_fields][yU6vluK0wi-14]\" value=\"Bibliotekoznawstwo i informacja naukowa\" required ><label class=\"everest-forms-field-label-inline\" for=\"evf-1487-field_yU6vluK0wi-14_1\">Bibliotekoznawstwo i informacja naukowa<\/label><\/li><li class=\"choice-2 depth-1\"><input type=\"radio\" id=\"evf-1487-field_yU6vluK0wi-14_2\" class=\"input-text\" name=\"everest_forms[form_fields][yU6vluK0wi-14]\" value=\"Doradztwo zawodowe i personalne \" required ><label class=\"everest-forms-field-label-inline\" for=\"evf-1487-field_yU6vluK0wi-14_2\">Doradztwo zawodowe i personalne <\/label><\/li><li class=\"choice-3 depth-1\"><input type=\"radio\" id=\"evf-1487-field_yU6vluK0wi-14_3\" class=\"input-text\" name=\"everest_forms[form_fields][yU6vluK0wi-14]\" value=\"Dydaktyka j\u0119zyka angielskiego w edukacji przedszkolnej i wczesnoszkolej \" required ><label class=\"everest-forms-field-label-inline\" for=\"evf-1487-field_yU6vluK0wi-14_3\">Dydaktyka j\u0119zyka angielskiego w edukacji przedszkolnej i wczesnoszkolej <\/label><\/li><li class=\"choice-11 depth-1\"><input type=\"radio\" id=\"evf-1487-field_yU6vluK0wi-14_11\" class=\"input-text\" name=\"everest_forms[form_fields][yU6vluK0wi-14]\" value=\"Edukacja i terapia os\u00f3b z zaburzeniami ze spektrum autyzmu\" required ><label class=\"everest-forms-field-label-inline\" for=\"evf-1487-field_yU6vluK0wi-14_11\">Edukacja i terapia os\u00f3b z zaburzeniami ze spektrum autyzmu<\/label><\/li><li class=\"choice-10 depth-1\"><input type=\"radio\" id=\"evf-1487-field_yU6vluK0wi-14_10\" class=\"input-text\" name=\"everest_forms[form_fields][yU6vluK0wi-14]\" value=\"Logopedia\" required ><label class=\"everest-forms-field-label-inline\" for=\"evf-1487-field_yU6vluK0wi-14_10\">Logopedia<\/label><\/li><li class=\"choice-9 depth-1\"><input type=\"radio\" id=\"evf-1487-field_yU6vluK0wi-14_9\" class=\"input-text\" name=\"everest_forms[form_fields][yU6vluK0wi-14]\" value=\"Neurologopedia \" required ><label class=\"everest-forms-field-label-inline\" for=\"evf-1487-field_yU6vluK0wi-14_9\">Neurologopedia <\/label><\/li><li class=\"choice-8 depth-1\"><input type=\"radio\" id=\"evf-1487-field_yU6vluK0wi-14_8\" class=\"input-text\" name=\"everest_forms[form_fields][yU6vluK0wi-14]\" value=\"Oligofrenopedagogika - edukacja i rehabilitacja os\u00f3b z niepe\u0142nosprawno\u015bci\u0105 intelektualn\u0105\" required ><label class=\"everest-forms-field-label-inline\" for=\"evf-1487-field_yU6vluK0wi-14_8\">Oligofrenopedagogika - edukacja i rehabilitacja os\u00f3b z niepe\u0142nosprawno\u015bci\u0105 intelektualn\u0105<\/label><\/li><li class=\"choice-7 depth-1\"><input type=\"radio\" id=\"evf-1487-field_yU6vluK0wi-14_7\" class=\"input-text\" name=\"everest_forms[form_fields][yU6vluK0wi-14]\" value=\"Pedagogika opieku\u0144czo-wychowawcza z elem. profilaktyki\" required ><label class=\"everest-forms-field-label-inline\" for=\"evf-1487-field_yU6vluK0wi-14_7\">Pedagogika opieku\u0144czo-wychowawcza z elem. profilaktyki<\/label><\/li><li class=\"choice-6 depth-1\"><input type=\"radio\" id=\"evf-1487-field_yU6vluK0wi-14_6\" class=\"input-text\" name=\"everest_forms[form_fields][yU6vluK0wi-14]\" value=\"Pedagogika resocjalizacyjna \" required ><label class=\"everest-forms-field-label-inline\" for=\"evf-1487-field_yU6vluK0wi-14_6\">Pedagogika resocjalizacyjna <\/label><\/li><li class=\"choice-5 depth-1\"><input type=\"radio\" id=\"evf-1487-field_yU6vluK0wi-14_5\" class=\"input-text\" name=\"everest_forms[form_fields][yU6vluK0wi-14]\" value=\"Przygotowanie pedagogiczne\" required ><label class=\"everest-forms-field-label-inline\" for=\"evf-1487-field_yU6vluK0wi-14_5\">Przygotowanie pedagogiczne<\/label><\/li><li class=\"choice-4 depth-1\"><input type=\"radio\" id=\"evf-1487-field_yU6vluK0wi-14_4\" class=\"input-text\" name=\"everest_forms[form_fields][yU6vluK0wi-14]\" value=\"Socjoterapia\" required ><label class=\"everest-forms-field-label-inline\" for=\"evf-1487-field_yU6vluK0wi-14_4\">Socjoterapia<\/label><\/li><li class=\"choice-14 depth-1\"><input type=\"radio\" id=\"evf-1487-field_yU6vluK0wi-14_14\" class=\"input-text\" name=\"everest_forms[form_fields][yU6vluK0wi-14]\" value=\"Terapia pedagogiczna z elementami logopedii \" required ><label class=\"everest-forms-field-label-inline\" for=\"evf-1487-field_yU6vluK0wi-14_14\">Terapia pedagogiczna z elementami logopedii <\/label><\/li><li class=\"choice-13 depth-1\"><input type=\"radio\" id=\"evf-1487-field_yU6vluK0wi-14_13\" class=\"input-text\" name=\"everest_forms[form_fields][yU6vluK0wi-14]\" value=\"Wczesne wspomaganie rozwoju dziecka \" required ><label class=\"everest-forms-field-label-inline\" for=\"evf-1487-field_yU6vluK0wi-14_13\">Wczesne wspomaganie rozwoju dziecka <\/label><\/li><li class=\"choice-12 depth-1\"><input type=\"radio\" id=\"evf-1487-field_yU6vluK0wi-14_12\" class=\"input-text\" name=\"everest_forms[form_fields][yU6vluK0wi-14]\" value=\"Zarz\u0105dzanie o\u015bwiat\u0105\" required ><label class=\"everest-forms-field-label-inline\" for=\"evf-1487-field_yU6vluK0wi-14_12\">Zarz\u0105dzanie o\u015bwiat\u0105<\/label><\/li><\/ul><\/div><div id=\"evf-1487-field_yhGx3FOwr2-4-container\" class=\"evf-field evf-field-textarea form-row\" data-field-id=\"yhGx3FOwr2-4\"><label class=\"evf-field-label\" for=\"evf-1487-field_yhGx3FOwr2-4\"><span class=\"evf-label\">Tre\u015b\u0107<\/span> <\/label><textarea id=\"evf-1487-field_yhGx3FOwr2-4\" class=\"input-text\" name=\"everest_forms[form_fields][yhGx3FOwr2-4]\" placeholder=\"Masz jakie\u015b dodatkowe pytania?\"  ><\/textarea><\/div><div id=\"evf-1487-field_kBH5vpOSwW-16-container\" class=\"evf-field evf-field-checkbox form-row validate-required\" data-required-field-message=\"To pole jest obowi\u0105zkowe \" data-field-id=\"kBH5vpOSwW-16\"><label class=\"evf-field-label\" for=\"evf-1487-field_kBH5vpOSwW-16\"><span class=\"evf-label\">Wyra\u017cam zgod\u0119 na przetwarzanie danych w celu zapisu na studia podyplomowe.<\/span> <abbr class=\"required\" title=\"Required\">*<\/abbr><\/label><ul id=\"evf-1487-field_kBH5vpOSwW-16\" class=\" evf-field-required\"><li class=\"choice-1 depth-1\"><input type=\"checkbox\" id=\"evf-1487-field_kBH5vpOSwW-16_1\" class=\"input-text\" name=\"everest_forms[form_fields][kBH5vpOSwW-16][]\" value=\"Zgoda\" required ><label class=\"everest-forms-field-label-inline\" for=\"evf-1487-field_kBH5vpOSwW-16_1\">Zgoda<\/label><\/li><\/ul><\/div><\/div><\/div><\/div><div class=\"evf-honeypot-container evf-field-hp\"><label for=\"evf-1487-field-hp\" class=\"evf-field-label\">Message<\/label><input type=\"text\" name=\"everest_forms[hp]\" id=\"evf-1487-field-hp\" class=\"input-text\"><\/div><div class=\"evf-recaptcha-container \" style=\"display:block\"><div class=\"g-recaptcha\" data-sitekey=\"6Lczd9saAAAAAIdCeOdU1QCtt9YZpk1JorbN3YdW\"><\/div><\/div><div class=\"evf-submit-container \" ><input type=\"hidden\" name=\"everest_forms[id]\" value=\"1487\"><input type=\"hidden\" name=\"everest_forms[author]\" value=\"1\"><button type='submit' name='everest_forms[submit]' class='everest-forms-submit-button button evf-submit ' id='evf-submit-1487' value='evf-submit' data-process-text=\"Wysy\u0142anie\" conditional_rules='&quot;&quot;' conditional_id='evf-submit-1487'  id=\"evf-submit-1487\" aria-live=\"assertive\">Zapisz si\u0119 na studia!<\/button><\/div><\/form><\/div><!-- .evf-container --><\/div><\/div>\n\t\t\t\t<\/div>\n\t\t\t\t<\/div>\n\t\t\t\t\t<\/div>\n\t\t<\/div>\n\t\t\t\t\t\t\t<\/div>\n\t\t<\/section>\n\t\t\t\t<section class=\"elementor-section elementor-top-section elementor-element elementor-element-12084cb elementor-section-full_width elementor-section-height-default elementor-section-height-default\" data-id=\"12084cb\" data-element_type=\"section\">\n\t\t\t\t\t\t<div class=\"elementor-container elementor-column-gap-no\">\n\t\t\t\t\t<div class=\"elementor-column elementor-col-100 elementor-top-column elementor-element elementor-element-f9b4bf5\" data-id=\"f9b4bf5\" data-element_type=\"column\">\n\t\t\t<div class=\"elementor-widget-wrap elementor-element-populated\">\n\t\t\t\t\t\t\t\t<div class=\"elementor-element elementor-element-b0c6bd1 elementor-widget elementor-widget-google_maps\" data-id=\"b0c6bd1\" data-element_type=\"widget\" data-widget_type=\"google_maps.default\">\n\t\t\t\t<div class=\"elementor-widget-container\">\n\t\t\t\t\t<div class=\"elementor-custom-embed\">\n\t\t\t<iframe loading=\"lazy\"\n\t\t\t\t\tsrc=\"https:\/\/maps.google.com\/maps?q=ul.%20Traugutta%2061%2026-600%20Radom&#038;t=m&#038;z=15&#038;output=embed&#038;iwloc=near\"\n\t\t\t\t\ttitle=\"ul. Traugutta 61 26-600 Radom\"\n\t\t\t\t\taria-label=\"ul. Traugutta 61 26-600 Radom\"\n\t\t\t><\/iframe>\n\t\t<\/div>\n\t\t\t\t<\/div>\n\t\t\t\t<\/div>\n\t\t\t\t\t<\/div>\n\t\t<\/div>\n\t\t\t\t\t\t\t<\/div>\n\t\t<\/section>\n\t\t\t\t<section class=\"elementor-section elementor-top-section elementor-element elementor-element-f4e8941 elementor-section-boxed elementor-section-height-default elementor-section-height-default\" data-id=\"f4e8941\" data-element_type=\"section\">\n\t\t\t\t\t\t<div class=\"elementor-container elementor-column-gap-default\">\n\t\t\t\t\t<div class=\"elementor-column elementor-col-100 elementor-top-column elementor-element elementor-element-5420376\" data-id=\"5420376\" data-element_type=\"column\">\n\t\t\t<div class=\"elementor-widget-wrap\">\n\t\t\t\t\t\t\t\t\t<\/div>\n\t\t<\/div>\n\t\t\t\t\t\t\t<\/div>\n\t\t<\/section>\n\t\t\t\t\t\t\t<\/div>\n\t\t","protected":false},"excerpt":{"rendered":"<p>Zapisz si\u0119 na studia<\/p>\n","protected":false},"author":1,"featured_media":0,"parent":0,"menu_order":0,"comment_status":"closed","ping_status":"closed","template":"page-templates\/pagebuilder.php","meta":[],"_links":{"self":[{"href":"https:\/\/sdk.edu.pl\/index.php\/wp-json\/wp\/v2\/pages\/1529"}],"collection":[{"href":"https:\/\/sdk.edu.pl\/index.php\/wp-json\/wp\/v2\/pages"}],"about":[{"href":"https:\/\/sdk.edu.pl\/index.php\/wp-json\/wp\/v2\/types\/page"}],"author":[{"embeddable":true,"href":"https:\/\/sdk.edu.pl\/index.php\/wp-json\/wp\/v2\/users\/1"}],"replies":[{"embeddable":true,"href":"https:\/\/sdk.edu.pl\/index.php\/wp-json\/wp\/v2\/comments?post=1529"}],"version-history":[{"count":3,"href":"https:\/\/sdk.edu.pl\/index.php\/wp-json\/wp\/v2\/pages\/1529\/revisions"}],"predecessor-version":[{"id":1905,"href":"https:\/\/sdk.edu.pl\/index.php\/wp-json\/wp\/v2\/pages\/1529\/revisions\/1905"}],"wp:attachment":[{"href":"https:\/\/sdk.edu.pl\/index.php\/wp-json\/wp\/v2\/media?parent=1529"}],"curies":[{"name":"wp","href":"https:\/\/api.w.org\/{rel}","templated":true}]}}