{"id":1278,"date":"2021-03-01T13:58:38","date_gmt":"2021-03-01T13:58:38","guid":{"rendered":"http:\/\/sdk.edu.pl\/?page_id=1278"},"modified":"2024-08-11T22:03:56","modified_gmt":"2024-08-11T22:03:56","slug":"ciekawe-strony","status":"publish","type":"page","link":"https:\/\/sdk.edu.pl\/index.php\/ciekawe-strony\/","title":{"rendered":"Ciekawe strony"},"content":{"rendered":"\t\t<div data-elementor-type=\"wp-post\" data-elementor-id=\"1278\" class=\"elementor elementor-1278\">\n\t\t\t\t\t\t\t\t\t<section class=\"elementor-section elementor-top-section elementor-element elementor-element-497b3a4 elementor-section-boxed elementor-section-height-default elementor-section-height-default\" data-id=\"497b3a4\" data-element_type=\"section\">\n\t\t\t\t\t\t<div class=\"elementor-container elementor-column-gap-default\">\n\t\t\t\t\t<div class=\"elementor-column elementor-col-100 elementor-top-column elementor-element elementor-element-562848a\" data-id=\"562848a\" data-element_type=\"column\">\n\t\t\t<div class=\"elementor-widget-wrap elementor-element-populated\">\n\t\t\t\t\t\t\t\t<div class=\"elementor-element elementor-element-3177dad elementor-widget elementor-widget-text-editor\" data-id=\"3177dad\" data-element_type=\"widget\" data-widget_type=\"text-editor.default\">\n\t\t\t\t<div class=\"elementor-widget-container\">\n\t\t\t\t\t\t\t<h3><b>ODNO\u015aNIKI DO INNYCH STRON W INTERNECIE<\/b><\/h3>\n<p>MINISTERSTWO EDUKACJI NARODOWEJ &#8211; <a target=\"_blank\" rel=\"noopener\"><b>Zobacz<br><\/b><\/a><\/p>\n<p>CENTRALNA KOMISJA EGZAMINACYJNA &#8211; <a target=\"_blank\" rel=\"noopener\"><b>Zobacz<\/b><\/a><\/p>\n<p>CENTRALNY O\u015aRODEK DOSKONALENIA NAUCZYCIELI &#8211; <a target=\"_blank\" rel=\"noopener\"><b>Zobacz<\/b><\/a><\/p>\n<p>KURATORIUM O\u015aWIATY &#8211; <a target=\"_blank\" rel=\"noopener\"><b>Zobacz<\/b><\/a><\/p>\n<p>CENTRUM METODYCZNE POMOCY PSYCHOLOGICZNO-PEDAGOGICZNEJ &#8211; <a target=\"_blank\" rel=\"noopener\"><b>Zobacz<\/b><\/a><\/p>\n<p>ZARZ\u0104DZANIE O\u015aWIAT\u0104 &#8211; <a target=\"_blank\" rel=\"noopener\"><b>Zobacz<\/b><\/a><\/p>\n<p>FUNDACJA ROZWOJU SYSTEMU EDUKACJI &#8211; <a target=\"_blank\" rel=\"noopener\"><b>Zobacz<\/b><\/a><\/p>\n<p>BIBLIOTEKA NARODOWA &#8211; <a target=\"_blank\" rel=\"noopener\"><b>Zobacz<\/b><\/a><\/p>\t\t\t\t\t\t<\/div>\n\t\t\t\t<\/div>\n\t\t\t\t\t<\/div>\n\t\t<\/div>\n\t\t\t\t\t\t\t<\/div>\n\t\t<\/section>\n\t\t\t\t\t\t\t<\/div>\n\t\t","protected":false},"excerpt":{"rendered":"<p>ODNO\u015aNIKI DO INNYCH STRON W INTERNECIE MINISTERSTWO EDUKACJI NARODOWEJ &#8211; Zobacz CENTRALNA KOMISJA EGZAMINACYJNA &#8211; Zobacz CENTRALNY O\u015aRODEK DOSKONALENIA NAUCZYCIELI &#8211; Zobacz KURATORIUM O\u015aWIATY &#8211; Zobacz CENTRUM METODYCZNE POMOCY PSYCHOLOGICZNO-PEDAGOGICZNEJ &#8211; Zobacz ZARZ\u0104DZANIE O\u015aWIAT\u0104 &#8211; Zobacz FUNDACJA ROZWOJU SYSTEMU EDUKACJI &#8211; Zobacz BIBLIOTEKA NARODOWA &#8211; Zobacz<\/p>\n","protected":false},"author":1,"featured_media":0,"parent":0,"menu_order":0,"comment_status":"closed","ping_status":"closed","template":"page-templates\/pagebuilder.php","meta":[],"_links":{"self":[{"href":"https:\/\/sdk.edu.pl\/index.php\/wp-json\/wp\/v2\/pages\/1278"}],"collection":[{"href":"https:\/\/sdk.edu.pl\/index.php\/wp-json\/wp\/v2\/pages"}],"about":[{"href":"https:\/\/sdk.edu.pl\/index.php\/wp-json\/wp\/v2\/types\/page"}],"author":[{"embeddable":true,"href":"https:\/\/sdk.edu.pl\/index.php\/wp-json\/wp\/v2\/users\/1"}],"replies":[{"embeddable":true,"href":"https:\/\/sdk.edu.pl\/index.php\/wp-json\/wp\/v2\/comments?post=1278"}],"version-history":[{"count":3,"href":"https:\/\/sdk.edu.pl\/index.php\/wp-json\/wp\/v2\/pages\/1278\/revisions"}],"predecessor-version":[{"id":2862,"href":"https:\/\/sdk.edu.pl\/index.php\/wp-json\/wp\/v2\/pages\/1278\/revisions\/2862"}],"wp:attachment":[{"href":"https:\/\/sdk.edu.pl\/index.php\/wp-json\/wp\/v2\/media?parent=1278"}],"curies":[{"name":"wp","href":"https:\/\/api.w.org\/{rel}","templated":true}]}}