{"id":1228,"date":"2021-03-01T12:39:28","date_gmt":"2021-03-01T12:39:28","guid":{"rendered":"http:\/\/sdk.edu.pl\/?page_id=1228"},"modified":"2021-03-02T13:45:14","modified_gmt":"2021-03-02T13:45:14","slug":"publikacje","status":"publish","type":"page","link":"https:\/\/sdk.edu.pl\/index.php\/publikacje\/","title":{"rendered":"Publikacje"},"content":{"rendered":"\t\t<div data-elementor-type=\"wp-post\" data-elementor-id=\"1228\" class=\"elementor elementor-1228\">\n\t\t\t\t\t\t\t\t\t<section class=\"elementor-section elementor-top-section elementor-element elementor-element-3ff0d23 elementor-section-boxed elementor-section-height-default elementor-section-height-default\" data-id=\"3ff0d23\" data-element_type=\"section\">\n\t\t\t\t\t\t<div class=\"elementor-container elementor-column-gap-default\">\n\t\t\t\t\t<div class=\"elementor-column elementor-col-100 elementor-top-column elementor-element elementor-element-c86166f\" data-id=\"c86166f\" data-element_type=\"column\">\n\t\t\t<div class=\"elementor-widget-wrap elementor-element-populated\">\n\t\t\t\t\t\t\t\t<div class=\"elementor-element elementor-element-dde1b06 elementor-widget elementor-widget-text-editor\" data-id=\"dde1b06\" data-element_type=\"widget\" data-widget_type=\"text-editor.default\">\n\t\t\t\t<div class=\"elementor-widget-container\">\n\t\t\t\t\t\t\t<h3><b>Rok 2005<\/b><\/h3><p>mgr Brodowska Katarzyna &#8211; <em>&#8222;Jak radzi\u0107 sobie z agresj\u0105&#8221; &#8211; <a target=\"_blank\" rel=\"noopener\"><b>Zobacz<\/b><\/a><\/em><\/p><p><em>mgr Brodowska Katarzyna &#8211; &#8222;Podmiotowo\u015b\u0107 w kszta\u0142ceniu i wychowaniu m\u0142odzie\u017cy niepe\u0142nosprawnej intelektualnie w stopniu lekkim&#8221; &#8211;\u00a0<a target=\"_blank\" rel=\"noopener\"><b>Zobacz<\/b><\/a><\/em><\/p><p><em>mgr Gutowska Edyta &#8211; &#8222;Wychowawcza rola zaj\u0119\u0107 terenowych w kszta\u0142ceniu ekologicznym&#8221; &#8211; <a target=\"_blank\" rel=\"noopener\"><b>Zobacz<\/b><\/a><\/em><\/p><p><em>mgr \u0141apczy\u0144ska Joanna &#8211; &#8222;Sprawdzian badaj\u0105cy kluczowe kompetencje z matematyki na pocz\u0105tku klasy IV&#8221; &#8211; <a target=\"_blank\" rel=\"noopener\"><b>Zobacz<\/b><\/a><\/em><\/p><p><em>mgr \u0141apczy\u0144ska Joanna &#8211; &#8222;Scenariusz po\u015bwi\u0119cony Rocznica Odzyskania Niepodleg\u0142o\u015bci&#8221; &#8211;\u00a0<a target=\"_blank\" rel=\"noopener\"><b>Zobacz<\/b><\/a><\/em><\/p><p><em>mgr Michalczyk Anna &#8211; &#8222;\u015awi\u0119to Dzi\u0119kczynienia &#8211; historia, tradycja i zwyczaje &#8211; praca z tekstem, \u0107wiczenia w m\u00f3wieniu&#8221; &#8211; <a target=\"_blank\" rel=\"noopener\"><b>Zobacz<\/b><\/a><\/em><\/p><p><em>mgr Michalczyk Anna &#8211; &#8222;Scenariusz lekcji: Wczesna historia Irlandii &#8211; praca z tekstem, \u0107wiczenie czytania ze zrozumieniem, \u0107wiczenia w m\u00f3wieniu&#8221; &#8211; <a target=\"_blank\" rel=\"noopener\"><b>Zobacz<\/b><\/a><\/em><\/p><p><em>mgr Szewczyk Alina &#8211; &#8222;Piosenki w nauczaniu j\u0119zyk\u00f3w obcych&#8221; &#8211; <a target=\"_blank\" rel=\"noopener\"><b>Zobacz<\/b><\/a><\/em><\/p><p><em>mgr Ma\u0142gorzata B\u0142ach, mgr Anna W\u00f3jcicka &#8211; &#8222;Szkolny turniej ekologiczny z okazji Dnia Ziemi&#8221; &#8211; <a target=\"_blank\" rel=\"noopener\"><b>Zobacz<\/b><\/a><\/em><\/p><p><em>mgr \u017by\u0142a Anna &#8211; &#8222;Zaj\u0119cia plenerowe w klasach IV &#8211; VI&#8221; &#8211; <a target=\"_blank\" rel=\"noopener\"><b>Zobacz<\/b><\/a><\/em><\/p><h3><b>Rok 2006<\/b><\/h3><p><em>mgr Marta Olejarczyk &#8211; Chmielewska &#8211; &#8222;Terapia pedagogiczna jako rodzaj oddzia\u0142ywa\u0144 wychowawczych i dydaktycznych w pedagogice dzieci upo\u015bledzonych umys\u0142owo&#8221; &#8211; <a target=\"_blank\" rel=\"noopener\"><b>Zobacz<\/b><\/a><\/em><\/p><p><em>mgr Beata Safin &#8211; &#8222;Zabawy aktywizuj\u0105ce prac\u0119 ucznia na zaj\u0119ciach w klasach I-III&#8221; &#8211; <a target=\"_blank\" rel=\"noopener\"><b>Zobacz<\/b><\/a><\/em><\/p><p><em>mgr Alicja Komorek, mgr Anna Franaszczyk, mgr Ma\u0142gorzata Stolarczyk &#8211; &#8222;Rola ba\u015bni w rozwoju i wychowaniu dziecka&#8221; &#8211; <a target=\"_blank\" rel=\"noopener\"><b>Zobacz<\/b><\/a><\/em><\/p><h3><b>Rok 2007<\/b><\/h3><p><em>mgr Agnieszka Sobolewska, mgr Ewa Rybska &#8211; &#8222;Program w\u0142asny edukacji czytelniczej ucznia niewidomego i s\u0142abo widz\u0105cego z upo\u015bledzeniem umys\u0142owym w stopniu umiarkowanym lub znacznym&#8221; &#8211; <a target=\"_blank\" rel=\"noopener\"><b>Zobacz<\/b><\/a><\/em><\/p><h3><b>Rok 2009<\/b><\/h3><p>mgr Ewa Skrzypczy\u0144ska-Hernik &#8211; <em>&#8222;Badanie wynik\u00f3w nauczania z matematyki po pierwszym etapie edukacyjnym&#8221;\u00a0<\/em><em>&#8211; <a target=\"_blank\" rel=\"noopener\"><b>Zobacz<\/b><\/a><\/em><\/p><p>dr Urszula Durlak &#8211; <em>&#8222;Aktywno\u015b\u0107 fizyczna i sportowa uczni\u00f3w Radomia i Warszawy&#8221;\u00a0<\/em><em>&#8211; <a target=\"_blank\" rel=\"noopener\"><b>Zobacz<\/b><\/a><\/em><\/p><p>dr Urszula Durlak &#8211; <em>&#8222;Kszta\u0142cenie postawy proekologicznej w\u015br\u00f3d uczni\u00f3w&#8221;\u00a0<\/em><em> &#8211; <a target=\"_blank\" rel=\"noopener\"><b>Zobacz<\/b><\/a><\/em><\/p><h3><b>Rok 2011<\/b><\/h3><p>mgr Renata Chmielewska &#8211; <em>&#8222;Plan rozwoju zawodowego&#8221;<\/em><em>\u00a0&#8211; <a target=\"_blank\" rel=\"noopener\"><b>Zobacz<\/b><\/a><\/em><\/p><h3><b>Rok 2014<\/b><\/h3><p>mgr Monika B\u0105k &#8211; <em>&#8222;Scenariusz lekcji chemii dla klasy I gimnazjum&#8221;\u00a0<\/em><em>&#8211; <a target=\"_blank\" rel=\"noopener\"><b>Zobacz<\/b><\/a><\/em><\/p><p>mgr Monika B\u0105k &#8211; <em>&#8222;Test diagnozuj\u0105cy przed rozpocz\u0119ciem nauki<br \/>w klasie trzeciej gimnazjum&#8221;\u00a0<\/em><em>&#8211; <a target=\"_blank\" rel=\"noopener\"><b>Zobacz<\/b><\/a><\/em><\/p><h3><b>Rok 2016<\/b><\/h3><p>mgr Dorota Simlat &#8211; <em>Konspekt lekcji geografii w klasie trzeciej gimnazjum &#8211; &#8222;Po\u0142o\u017cenie geograficzne i \u015brodowisko przyrodnicze Australii&#8221; &#8211;\u00a0<\/em><em><a target=\"_blank\" rel=\"noopener\"><b>Zobacz<\/b><\/a><\/em><\/p><p>mgr Dorota Simlat &#8211; <em>Konspekt lekcji chemii w klasie trzeciej gimnazjum &#8211; &#8222;Gliceryna &#8211; budowa, w\u0142a\u015bciwo\u015bci i zastosowanie&#8221;\u00a0<\/em><em>&#8211; <a target=\"_blank\" rel=\"noopener\"><b>Zobacz<\/b><\/a><\/em><\/p><h3><b>Rok 2018<\/b><\/h3><p>mgr Teresa Cie\u015blak &#8211; <em>&#8222;The adventure with english&#8221; Program innowacyjny do nauki j\u0119zyka angielskiego w \u015bwietlicy szkolnej.\u00a0<\/em><em> &#8211; <a target=\"_blank\" rel=\"noopener\"><b>Zobacz<\/b><\/a><\/em><\/p><h3><b>Rok 2020<\/b><\/h3><p>dr Marian \u0141akomski &#8211; <em>&#8222;Integralny charakter profilaktyki w szkole&#8221;.<\/em><em>\u00a0&#8211; <a target=\"_blank\" rel=\"noopener\"><b>Zobacz<\/b><\/a><\/em><\/p><p>mgr Gra\u017cyna Malinowska &#8211; <em>&#8222;Scenariusz warsztat\u00f3w dla nauczycieli&#8221;.\u00a0<\/em><em>&#8211; <a target=\"_blank\" rel=\"noopener\"><b>Zobacz<\/b><\/a><\/em><\/p><p>gr Gra\u017cyna Malinowska &#8211; <em>&#8222;Podr\u00f3\u017c dooko\u0142a \u015bwiata opisana matematycznie &#8211; WebQuest&#8221;. &#8211;\u00a0<\/em><em><a target=\"_blank\" rel=\"noopener\"><b>Zobacz<\/b><\/a><\/em><\/p><p>mgr Gra\u017cyna Malinowska &#8211; <em>&#8222;Porty \u015bwiata&#8221;.<\/em><em>\u00a0&#8211; <a target=\"_blank\" rel=\"noopener\"><b>Zobacz<\/b><\/a><\/em><\/p><p>mgr Brodowska Katarzyna &#8211; <em>&#8222;Jak radzi\u0107 sobie z agresj\u0105&#8221; &#8211; <a target=\"_blank\" rel=\"noopener\"><b>Zobacz<\/b><\/a><\/em><\/p><p>mgr Gra\u017cyna Malinowska &#8211; <em>&#8222;Praca z grup\u0105&#8221;. &#8211;\u00a0<\/em><em><a target=\"_blank\" rel=\"noopener\"><b>Zobacz<\/b><\/a><\/em><\/p>\t\t\t\t\t\t<\/div>\n\t\t\t\t<\/div>\n\t\t\t\t\t<\/div>\n\t\t<\/div>\n\t\t\t\t\t\t\t<\/div>\n\t\t<\/section>\n\t\t\t\t\t\t\t<\/div>\n\t\t","protected":false},"excerpt":{"rendered":"<p>Rok 2005 mgr Brodowska Katarzyna &#8211; &#8222;Jak radzi\u0107 sobie z agresj\u0105&#8221; &#8211; Zobacz mgr Brodowska Katarzyna &#8211; &#8222;Podmiotowo\u015b\u0107 w kszta\u0142ceniu i wychowaniu m\u0142odzie\u017cy niepe\u0142nosprawnej intelektualnie w stopniu lekkim&#8221; &#8211;\u00a0Zobacz mgr Gutowska Edyta &#8211; &#8222;Wychowawcza rola zaj\u0119\u0107 terenowych w kszta\u0142ceniu ekologicznym&#8221; &#8211; Zobacz mgr \u0141apczy\u0144ska Joanna &#8211; &#8222;Sprawdzian badaj\u0105cy kluczowe kompetencje z matematyki na pocz\u0105tku klasy [&hellip;]<\/p>\n","protected":false},"author":1,"featured_media":0,"parent":0,"menu_order":0,"comment_status":"closed","ping_status":"closed","template":"","meta":[],"_links":{"self":[{"href":"https:\/\/sdk.edu.pl\/index.php\/wp-json\/wp\/v2\/pages\/1228"}],"collection":[{"href":"https:\/\/sdk.edu.pl\/index.php\/wp-json\/wp\/v2\/pages"}],"about":[{"href":"https:\/\/sdk.edu.pl\/index.php\/wp-json\/wp\/v2\/types\/page"}],"author":[{"embeddable":true,"href":"https:\/\/sdk.edu.pl\/index.php\/wp-json\/wp\/v2\/users\/1"}],"replies":[{"embeddable":true,"href":"https:\/\/sdk.edu.pl\/index.php\/wp-json\/wp\/v2\/comments?post=1228"}],"version-history":[{"count":0,"href":"https:\/\/sdk.edu.pl\/index.php\/wp-json\/wp\/v2\/pages\/1228\/revisions"}],"wp:attachment":[{"href":"https:\/\/sdk.edu.pl\/index.php\/wp-json\/wp\/v2\/media?parent=1228"}],"curies":[{"name":"wp","href":"https:\/\/api.w.org\/{rel}","templated":true}]}}

<div data-elementor-type="wp-post" data-elementor-id="1228" class="elementor elementor-1228">
									<section class="elementor-section elementor-top-section elementor-element elementor-element-3ff0d23 elementor-section-boxed elementor-section-height-default elementor-section-height-default" data-id="3ff0d23" data-element_type="section">
						<div class="elementor-container elementor-column-gap-default">
					<div class="elementor-column elementor-col-100 elementor-top-column elementor-element elementor-element-c86166f" data-id="c86166f" data-element_type="column">
			<div class="elementor-widget-wrap elementor-element-populated">
								<div class="elementor-element elementor-element-dde1b06 elementor-widget elementor-widget-text-editor" data-id="dde1b06" data-element_type="widget" data-widget_type="text-editor.default">
				<div class="elementor-widget-container">
							<h3><b>Rok 2005</b></h3><p>mgr Brodowska Katarzyna &#8211; <em>&#8222;Jak radzić sobie z agresją&#8221; &#8211; <a target="_blank" rel="noopener"><b>Zobacz</b></a></em></p><p><em>mgr Brodowska Katarzyna &#8211; &#8222;Podmiotowość w kształceniu i wychowaniu młodzieży niepełnosprawnej intelektualnie w stopniu lekkim&#8221; &#8211; <a target="_blank" rel="noopener"><b>Zobacz</b></a></em></p><p><em>mgr Gutowska Edyta &#8211; &#8222;Wychowawcza rola zajęć terenowych w kształceniu ekologicznym&#8221; &#8211; <a target="_blank" rel="noopener"><b>Zobacz</b></a></em></p><p><em>mgr Łapczyńska Joanna &#8211; &#8222;Sprawdzian badający kluczowe kompetencje z matematyki na początku klasy IV&#8221; &#8211; <a target="_blank" rel="noopener"><b>Zobacz</b></a></em></p><p><em>mgr Łapczyńska Joanna &#8211; &#8222;Scenariusz poświęcony Rocznica Odzyskania Niepodległości&#8221; &#8211; <a target="_blank" rel="noopener"><b>Zobacz</b></a></em></p><p><em>mgr Michalczyk Anna &#8211; &#8222;Święto Dziękczynienia &#8211; historia, tradycja i zwyczaje &#8211; praca z tekstem, ćwiczenia w mówieniu&#8221; &#8211; <a target="_blank" rel="noopener"><b>Zobacz</b></a></em></p><p><em>mgr Michalczyk Anna &#8211; &#8222;Scenariusz lekcji: Wczesna historia Irlandii &#8211; praca z tekstem, ćwiczenie czytania ze zrozumieniem, ćwiczenia w mówieniu&#8221; &#8211; <a target="_blank" rel="noopener"><b>Zobacz</b></a></em></p><p><em>mgr Szewczyk Alina &#8211; &#8222;Piosenki w nauczaniu języków obcych&#8221; &#8211; <a target="_blank" rel="noopener"><b>Zobacz</b></a></em></p><p><em>mgr Małgorzata Błach, mgr Anna Wójcicka &#8211; &#8222;Szkolny turniej ekologiczny z okazji Dnia Ziemi&#8221; &#8211; <a target="_blank" rel="noopener"><b>Zobacz</b></a></em></p><p><em>mgr Żyła Anna &#8211; &#8222;Zajęcia plenerowe w klasach IV &#8211; VI&#8221; &#8211; <a target="_blank" rel="noopener"><b>Zobacz</b></a></em></p><h3><b>Rok 2006</b></h3><p><em>mgr Marta Olejarczyk &#8211; Chmielewska &#8211; &#8222;Terapia pedagogiczna jako rodzaj oddziaływań wychowawczych i dydaktycznych w pedagogice dzieci upośledzonych umysłowo&#8221; &#8211; <a target="_blank" rel="noopener"><b>Zobacz</b></a></em></p><p><em>mgr Beata Safin &#8211; &#8222;Zabawy aktywizujące pracę ucznia na zajęciach w klasach I-III&#8221; &#8211; <a target="_blank" rel="noopener"><b>Zobacz</b></a></em></p><p><em>mgr Alicja Komorek, mgr Anna Franaszczyk, mgr Małgorzata Stolarczyk &#8211; &#8222;Rola baśni w rozwoju i wychowaniu dziecka&#8221; &#8211; <a target="_blank" rel="noopener"><b>Zobacz</b></a></em></p><h3><b>Rok 2007</b></h3><p><em>mgr Agnieszka Sobolewska, mgr Ewa Rybska &#8211; &#8222;Program własny edukacji czytelniczej ucznia niewidomego i słabo widzącego z upośledzeniem umysłowym w stopniu umiarkowanym lub znacznym&#8221; &#8211; <a target="_blank" rel="noopener"><b>Zobacz</b></a></em></p><h3><b>Rok 2009</b></h3><p>mgr Ewa Skrzypczyńska-Hernik &#8211; <em>&#8222;Badanie wyników nauczania z matematyki po pierwszym etapie edukacyjnym&#8221; </em><em>&#8211; <a target="_blank" rel="noopener"><b>Zobacz</b></a></em></p><p>dr Urszula Durlak &#8211; <em>&#8222;Aktywność fizyczna i sportowa uczniów Radomia i Warszawy&#8221; </em><em>&#8211; <a target="_blank" rel="noopener"><b>Zobacz</b></a></em></p><p>dr Urszula Durlak &#8211; <em>&#8222;Kształcenie postawy proekologicznej wśród uczniów&#8221; </em><em> &#8211; <a target="_blank" rel="noopener"><b>Zobacz</b></a></em></p><h3><b>Rok 2011</b></h3><p>mgr Renata Chmielewska &#8211; <em>&#8222;Plan rozwoju zawodowego&#8221;</em><em> &#8211; <a target="_blank" rel="noopener"><b>Zobacz</b></a></em></p><h3><b>Rok 2014</b></h3><p>mgr Monika Bąk &#8211; <em>&#8222;Scenariusz lekcji chemii dla klasy I gimnazjum&#8221; </em><em>&#8211; <a target="_blank" rel="noopener"><b>Zobacz</b></a></em></p><p>mgr Monika Bąk &#8211; <em>&#8222;Test diagnozujący przed rozpoczęciem nauki<br />w klasie trzeciej gimnazjum&#8221; </em><em>&#8211; <a target="_blank" rel="noopener"><b>Zobacz</b></a></em></p><h3><b>Rok 2016</b></h3><p>mgr Dorota Simlat &#8211; <em>Konspekt lekcji geografii w klasie trzeciej gimnazjum &#8211; &#8222;Położenie geograficzne i środowisko przyrodnicze Australii&#8221; &#8211; </em><em><a target="_blank" rel="noopener"><b>Zobacz</b></a></em></p><p>mgr Dorota Simlat &#8211; <em>Konspekt lekcji chemii w klasie trzeciej gimnazjum &#8211; &#8222;Gliceryna &#8211; budowa, właściwości i zastosowanie&#8221; </em><em>&#8211; <a target="_blank" rel="noopener"><b>Zobacz</b></a></em></p><h3><b>Rok 2018</b></h3><p>mgr Teresa Cieślak &#8211; <em>&#8222;The adventure with english&#8221; Program innowacyjny do nauki języka angielskiego w świetlicy szkolnej. </em><em> &#8211; <a target="_blank" rel="noopener"><b>Zobacz</b></a></em></p><h3><b>Rok 2020</b></h3><p>dr Marian Łakomski &#8211; <em>&#8222;Integralny charakter profilaktyki w szkole&#8221;.</em><em> &#8211; <a target="_blank" rel="noopener"><b>Zobacz</b></a></em></p><p>mgr Grażyna Malinowska &#8211; <em>&#8222;Scenariusz warsztatów dla nauczycieli&#8221;. </em><em>&#8211; <a target="_blank" rel="noopener"><b>Zobacz</b></a></em></p><p>gr Grażyna Malinowska &#8211; <em>&#8222;Podróż dookoła świata opisana matematycznie &#8211; WebQuest&#8221;. &#8211; </em><em><a target="_blank" rel="noopener"><b>Zobacz</b></a></em></p><p>mgr Grażyna Malinowska &#8211; <em>&#8222;Porty świata&#8221;.</em><em> &#8211; <a target="_blank" rel="noopener"><b>Zobacz</b></a></em></p><p>mgr Brodowska Katarzyna &#8211; <em>&#8222;Jak radzić sobie z agresją&#8221; &#8211; <a target="_blank" rel="noopener"><b>Zobacz</b></a></em></p><p>mgr Grażyna Malinowska &#8211; <em>&#8222;Praca z grupą&#8221;. &#8211; </em><em><a target="_blank" rel="noopener"><b>Zobacz</b></a></em></p>						</div>
				</div>
					</div>
		</div>
							</div>
		</section>
							</div>

<p>Rok 2005 mgr Brodowska Katarzyna &#8211; &#8222;Jak radzić sobie z agresją&#8221; &#8211; Zobacz mgr Brodowska Katarzyna &#8211; &#8222;Podmiotowość w kształceniu i wychowaniu młodzieży niepełnosprawnej intelektualnie w stopniu lekkim&#8221; &#8211; Zobacz mgr Gutowska Edyta &#8211; &#8222;Wychowawcza rola zajęć terenowych w kształceniu ekologicznym&#8221; &#8211; Zobacz mgr Łapczyńska Joanna &#8211; &#8222;Sprawdzian badający kluczowe kompetencje z matematyki na początku klasy [&hellip;]</p>
